Last updated on 2025-04-30 04:50:03 CEST.
Flavor | Version | Tinstall | Tcheck | Ttotal | Status | Flags |
---|---|---|---|---|---|---|
r-devel-linux-x86_64-debian-clang | 1.15.2 | 6.97 | 173.64 | 180.61 | NOTE | |
r-devel-linux-x86_64-debian-gcc | 1.15.2 | 4.83 | 119.58 | 124.41 | NOTE | |
r-devel-linux-x86_64-fedora-clang | 1.15.2 | 279.18 | NOTE | |||
r-devel-linux-x86_64-fedora-gcc | 1.15.2 | 276.33 | NOTE | |||
r-devel-windows-x86_64 | 1.15.2 | 9.00 | 354.00 | 363.00 | NOTE | |
r-patched-linux-x86_64 | 1.15.2 | 8.05 | 165.24 | 173.29 | NOTE | |
r-release-linux-x86_64 | 1.15.2 | 5.84 | 166.85 | 172.69 | NOTE | |
r-release-macos-arm64 | 1.15.2 | 83.00 | NOTE | |||
r-release-macos-x86_64 | 1.15.2 | 168.00 | NOTE | |||
r-release-windows-x86_64 | 1.15.2 | 10.00 | 269.00 | 279.00 | NOTE | |
r-oldrel-macos-arm64 | 1.15.2 | 83.00 | NOTE | |||
r-oldrel-macos-x86_64 | 1.15.2 | 183.00 | NOTE | |||
r-oldrel-windows-x86_64 | 1.15.2 | 12.00 | 332.00 | 344.00 | NOTE |
Version: 1.15.2
Check: Rd files
Result: NOTE
checkRd: (-1) plot.ddpcr_plate.Rd:136-137: Lost braces in \itemize; meant \describe ?
checkRd: (-1) plot.ddpcr_plate.Rd:138-139: Lost braces in \itemize; meant \describe ?
checkRd: (-1) plot.ddpcr_plate.Rd:140-141: Lost braces in \itemize; meant \describe ?
Flavors: r-devel-linux-x86_64-debian-clang, r-devel-linux-x86_64-debian-gcc, r-devel-linux-x86_64-fedora-clang, r-devel-linux-x86_64-fedora-gcc, r-devel-windows-x86_64, r-patched-linux-x86_64, r-release-linux-x86_64, r-release-macos-arm64, r-release-macos-x86_64, r-release-windows-x86_64, r-oldrel-macos-arm64, r-oldrel-macos-x86_64, r-oldrel-windows-x86_64
Version: 1.15.2
Check: examples
Result: NOTE
Examples with CPU (user + system) or elapsed time > 5s
user system elapsed
get_filled_border 3.399 0.169 5.602
Flavor: r-devel-linux-x86_64-debian-clang
Version: 1.15.2
Check: dependencies in R code
Result: NOTE
Namespace in Imports field not imported from: ‘shinydisconnect’
All declared Imports should be used.
Flavors: r-devel-linux-x86_64-fedora-clang, r-devel-linux-x86_64-fedora-gcc