Last updated on 2025-04-30 04:50:03 CEST.
Flavor | Version | Tinstall | Tcheck | Ttotal | Status | Flags |
---|---|---|---|---|---|---|
r-devel-linux-x86_64-debian-clang | 0.2.1 | 21.78 | 270.60 | 292.38 | NOTE | |
r-devel-linux-x86_64-debian-gcc | 0.2.1 | 14.06 | 179.46 | 193.52 | NOTE | |
r-devel-linux-x86_64-fedora-clang | 0.2.1 | 500.79 | OK | |||
r-devel-linux-x86_64-fedora-gcc | 0.2.1 | 439.29 | OK | |||
r-devel-windows-x86_64 | 0.2.1 | 22.00 | 294.00 | 316.00 | OK | |
r-patched-linux-x86_64 | 0.2.1 | 20.51 | 256.67 | 277.18 | OK | |
r-release-linux-x86_64 | 0.2.1 | 17.73 | 256.93 | 274.66 | OK | |
r-release-macos-arm64 | 0.2.1 | 119.00 | OK | |||
r-release-macos-x86_64 | 0.2.1 | 249.00 | OK | |||
r-release-windows-x86_64 | 0.2.1 | 22.00 | 291.00 | 313.00 | OK | |
r-oldrel-macos-arm64 | 0.2.1 | 118.00 | NOTE | |||
r-oldrel-macos-x86_64 | 0.2.1 | 180.00 | NOTE | |||
r-oldrel-windows-x86_64 | 0.2.1 | 26.00 | 363.00 | 389.00 | NOTE |
Version: 0.2.1
Check: CRAN incoming feasibility
Result: NOTE
Maintainer: ‘Mengbing Li <mengbing@umich.edu>’
The Description field contains
<arXiv:2306.04700>.
Please refer to arXiv e-prints via their arXiv DOI <doi:10.48550/arXiv.YYMM.NNNNN>.
Flavors: r-devel-linux-x86_64-debian-clang, r-devel-linux-x86_64-debian-gcc
Version: 0.2.1
Check: examples
Result: NOTE
Examples with CPU (user + system) or elapsed time > 5s
user system elapsed
ddtlcm_fit 10.952 0.103 14.025
plot.summary.ddt_lcm 8.615 0.097 11.522
compute_IC 6.533 0.198 8.101
plot_tree_with_barplot 4.464 0.095 5.823
Flavor: r-devel-linux-x86_64-debian-clang
Version: 0.2.1
Check: examples
Result: NOTE
Examples with CPU (user + system) or elapsed time > 5s
user system elapsed
ddtlcm_fit 5.937 0.144 7.249
plot.summary.ddt_lcm 5.249 0.124 7.087
Flavor: r-devel-linux-x86_64-debian-gcc
Version: 0.2.1
Check: installed package size
Result: NOTE
installed size is 5.1Mb
sub-directories of 1Mb or more:
data 3.9Mb
Flavors: r-oldrel-macos-arm64, r-oldrel-macos-x86_64, r-oldrel-windows-x86_64