Last updated on 2025-04-30 04:50:03 CEST.
Flavor | Version | Tinstall | Tcheck | Ttotal | Status | Flags |
---|---|---|---|---|---|---|
r-devel-linux-x86_64-debian-clang | 0.3.0 | 4.06 | 185.51 | 189.57 | NOTE | |
r-devel-linux-x86_64-debian-gcc | 0.3.0 | 2.74 | 105.77 | 108.51 | OK | |
r-devel-linux-x86_64-fedora-clang | 0.3.0 | 304.47 | OK | |||
r-devel-linux-x86_64-fedora-gcc | 0.3.0 | 292.37 | OK | |||
r-devel-windows-x86_64 | 0.3.0 | 5.00 | 179.00 | 184.00 | OK | |
r-patched-linux-x86_64 | 0.3.0 | 4.00 | 177.20 | 181.20 | OK | |
r-release-linux-x86_64 | 0.3.0 | 2.78 | 176.59 | 179.37 | OK | |
r-release-macos-arm64 | 0.3.0 | 78.00 | OK | |||
r-release-macos-x86_64 | 0.3.0 | 150.00 | OK | |||
r-release-windows-x86_64 | 0.3.0 | 6.00 | 175.00 | 181.00 | OK | |
r-oldrel-macos-arm64 | 0.3.0 | 70.00 | OK | |||
r-oldrel-macos-x86_64 | 0.3.0 | 153.00 | OK | |||
r-oldrel-windows-x86_64 | 0.3.0 | 6.00 | 250.00 | 256.00 | OK |
Version: 0.3.0
Check: examples
Result: NOTE
Examples with CPU (user + system) or elapsed time > 5s
user system elapsed
defit 6.462 0.05 8.962
Flavor: r-devel-linux-x86_64-debian-clang