Last updated on 2025-04-30 04:50:03 CEST.
Flavor | Version | Tinstall | Tcheck | Ttotal | Status | Flags |
---|---|---|---|---|---|---|
r-devel-linux-x86_64-debian-clang | 1.0 | 4.07 | 58.97 | 63.04 | NOTE | |
r-devel-linux-x86_64-debian-gcc | 1.0 | 2.77 | 43.28 | 46.05 | NOTE | |
r-devel-linux-x86_64-fedora-clang | 1.0 | 81.92 | NOTE | |||
r-devel-linux-x86_64-fedora-gcc | 1.0 | 83.18 | NOTE | |||
r-devel-windows-x86_64 | 1.0 | 6.00 | 84.00 | 90.00 | OK | |
r-patched-linux-x86_64 | 1.0 | 4.35 | 57.98 | 62.33 | OK | |
r-release-linux-x86_64 | 1.0 | 3.96 | 55.75 | 59.71 | OK | |
r-release-macos-arm64 | 1.0 | 38.00 | OK | |||
r-release-macos-x86_64 | 1.0 | 58.00 | OK | |||
r-release-windows-x86_64 | 1.0 | 6.00 | 84.00 | 90.00 | OK | |
r-oldrel-macos-arm64 | 1.0 | 32.00 | OK | |||
r-oldrel-macos-x86_64 | 1.0 | 45.00 | OK | |||
r-oldrel-windows-x86_64 | 1.0 | 6.00 | 90.00 | 96.00 | OK |
Version: 1.0
Check: CRAN incoming feasibility
Result: NOTE
Maintainer: ‘Guangsheng Pei <peiguangsheng@gmail.com>’
No Authors@R field in DESCRIPTION.
Please add one, modifying
Authors@R: person(given = "Guangsheng",
family = "Pei",
role = c("aut", "cre"),
email = "peiguangsheng@gmail.com")
as necessary.
Found the following \keyword or \concept entries
which likely give several index terms:
File ‘deTS-package.Rd’:
\keyword{ deTS; TSEA }
Flavors: r-devel-linux-x86_64-debian-clang, r-devel-linux-x86_64-debian-gcc
Version: 1.0
Check: examples
Result: NOTE
Examples with CPU (user + system) or elapsed time > 5s
user system elapsed
tsea.summary 4.445 0.043 7.062
deTS-package 3.132 0.101 5.652
Flavor: r-devel-linux-x86_64-debian-clang
Version: 1.0
Check: dependencies in R code
Result: NOTE
Namespace in Imports field not imported from: ‘RColorBrewer’
All declared Imports should be used.
Flavors: r-devel-linux-x86_64-fedora-clang, r-devel-linux-x86_64-fedora-gcc