Last updated on 2025-04-30 04:50:03 CEST.
Flavor | Version | Tinstall | Tcheck | Ttotal | Status | Flags |
---|---|---|---|---|---|---|
r-devel-linux-x86_64-debian-clang | 0.1.1 | 2.10 | 159.15 | 161.25 | NOTE | |
r-devel-linux-x86_64-debian-gcc | 0.1.1 | 1.88 | 91.61 | 93.49 | NOTE | |
r-devel-linux-x86_64-fedora-clang | 0.1.1 | 242.58 | OK | |||
r-devel-linux-x86_64-fedora-gcc | 0.1.1 | 265.87 | OK | |||
r-devel-windows-x86_64 | 0.1.1 | 5.00 | 142.00 | 147.00 | OK | |
r-patched-linux-x86_64 | 0.1.1 | 2.93 | 152.23 | 155.16 | OK | |
r-release-linux-x86_64 | 0.1.1 | 2.65 | 154.17 | 156.82 | OK | |
r-release-macos-arm64 | 0.1.1 | 95.00 | OK | |||
r-release-macos-x86_64 | 0.1.1 | 178.00 | OK | |||
r-release-windows-x86_64 | 0.1.1 | 6.00 | 138.00 | 144.00 | OK | |
r-oldrel-macos-arm64 | 0.1.1 | 65.00 | OK | |||
r-oldrel-macos-x86_64 | 0.1.1 | 95.00 | OK | |||
r-oldrel-windows-x86_64 | 0.1.1 | 5.00 | 198.00 | 203.00 | OK |
Version: 0.1.1
Check: CRAN incoming feasibility
Result: NOTE
Maintainer: ‘Cameron M. Nugent <camnugent@gmail.com>’
No Authors@R field in DESCRIPTION.
Please add one, modifying
Authors@R: person(given = c("Cameron", "M."),
family = "Nugent",
role = c("aut", "cre"),
email = "camnugent@gmail.com")
as necessary.
Flavors: r-devel-linux-x86_64-debian-clang, r-devel-linux-x86_64-debian-gcc
Version: 0.1.1
Check: examples
Result: NOTE
Examples with CPU (user + system) or elapsed time > 5s
user system elapsed
consensus 8.599 0.027 13.763
denoise_list 8.135 0.040 12.339
denoise 5.309 0.049 8.152
Flavor: r-devel-linux-x86_64-debian-clang
Version: 0.1.1
Check: examples
Result: NOTE
Examples with CPU (user + system) or elapsed time > 5s
user system elapsed
consensus 4.078 0.021 5.215
denoise_list 3.860 0.018 5.190
Flavor: r-devel-linux-x86_64-debian-gcc