Last updated on 2025-11-04 03:50:48 CET.
| Flavor | Version | Tinstall | Tcheck | Ttotal | Status | Flags | 
|---|---|---|---|---|---|---|
| r-devel-linux-x86_64-debian-clang | 1.2 | 7.07 | 68.28 | 75.35 | NOTE | |
| r-devel-linux-x86_64-debian-gcc | 1.2 | 5.30 | 51.33 | 56.63 | NOTE | |
| r-devel-linux-x86_64-fedora-clang | 1.2 | 14.00 | 94.73 | 108.73 | NOTE | |
| r-devel-linux-x86_64-fedora-gcc | 1.2 | 14.00 | 90.31 | 104.31 | NOTE | |
| r-devel-windows-x86_64 | 1.2 | 8.00 | 79.00 | 87.00 | NOTE | |
| r-patched-linux-x86_64 | 1.2 | 7.83 | 62.72 | 70.55 | NOTE | |
| r-release-linux-x86_64 | 1.2 | 6.73 | 62.94 | 69.67 | NOTE | |
| r-release-macos-arm64 | 1.2 | 4.00 | 33.00 | 37.00 | NOTE | |
| r-release-macos-x86_64 | 1.2 | 7.00 | 66.00 | 73.00 | NOTE | |
| r-release-windows-x86_64 | 1.2 | 8.00 | 78.00 | 86.00 | NOTE | |
| r-oldrel-macos-arm64 | 1.2 | 4.00 | 30.00 | 34.00 | NOTE | |
| r-oldrel-macos-x86_64 | 1.2 | 5.00 | 48.00 | 53.00 | NOTE | |
| r-oldrel-windows-x86_64 | 1.2 | 10.00 | 96.00 | 106.00 | NOTE | 
Version: 1.2
Check: Rd files
Result: NOTE
  checkRd: (-1) deepNN-package.Rd:18: Lost braces
      18 | section{Dependencies}{
         |        ^
  checkRd: (-1) deepNN-package.Rd:18-21: Lost braces
      18 | section{Dependencies}{
         |                      ^
  checkRd: (-1) deepNN-package.Rd:23: Lost braces
      23 | section{Citation}{
         |        ^
  checkRd: (-1) deepNN-package.Rd:23-25: Lost braces
      23 | section{Citation}{
         |                  ^
  checkRd: (-1) deepNN-package.Rd:27-38: Lost braces
      27 | references{
         |           ^
Flavors: r-devel-linux-x86_64-debian-clang, r-devel-linux-x86_64-debian-gcc, r-devel-linux-x86_64-fedora-clang, r-devel-linux-x86_64-fedora-gcc, r-devel-windows-x86_64, r-patched-linux-x86_64, r-release-linux-x86_64, r-release-macos-arm64, r-release-macos-x86_64, r-release-windows-x86_64, r-oldrel-macos-arm64, r-oldrel-macos-x86_64, r-oldrel-windows-x86_64