CRAN Package Check Results for Package deepnet

Last updated on 2025-04-30 04:50:03 CEST.

Flavor Version Tinstall Tcheck Ttotal Status Flags
r-devel-linux-x86_64-debian-clang 0.2.1 2.18 21.01 23.19 NOTE
r-devel-linux-x86_64-debian-gcc 0.2.1 1.78 16.41 18.19 NOTE
r-devel-linux-x86_64-fedora-clang 0.2.1 36.15 OK
r-devel-linux-x86_64-fedora-gcc 0.2.1 33.90 OK
r-devel-windows-x86_64 0.2.1 3.00 45.00 48.00 OK
r-patched-linux-x86_64 0.2.1 2.41 20.17 22.58 OK
r-release-linux-x86_64 0.2.1 2.21 19.70 21.91 OK
r-release-macos-arm64 0.2.1 16.00 OK
r-release-macos-x86_64 0.2.1 25.00 OK
r-release-windows-x86_64 0.2.1 3.00 48.00 51.00 OK
r-oldrel-macos-arm64 0.2.1 15.00 OK
r-oldrel-macos-x86_64 0.2.1 23.00 OK
r-oldrel-windows-x86_64 0.2.1 3.00 44.00 47.00 OK

Check Details

Version: 0.2.1
Check: CRAN incoming feasibility
Result: NOTE Maintainer: ‘Xiao Rong <runxiao@gmail.com>’ No Authors@R field in DESCRIPTION. Please add one, modifying Authors@R: person(given = "Xiao", family = "Rong", role = c("aut", "cre"), email = "runxiao@gmail.com") as necessary. Flavors: r-devel-linux-x86_64-debian-clang, r-devel-linux-x86_64-debian-gcc