Last updated on 2025-04-30 04:50:03 CEST.
Flavor | Version | Tinstall | Tcheck | Ttotal | Status | Flags |
---|---|---|---|---|---|---|
r-devel-linux-x86_64-debian-clang | 2.1.0 | 15.76 | 252.84 | 268.60 | NOTE | |
r-devel-linux-x86_64-debian-gcc | 2.1.0 | 10.13 | 175.96 | 186.09 | OK | |
r-devel-linux-x86_64-fedora-clang | 2.1.0 | 440.56 | OK | |||
r-devel-linux-x86_64-fedora-gcc | 2.1.0 | 390.65 | OK | |||
r-devel-windows-x86_64 | 2.1.0 | 16.00 | 238.00 | 254.00 | OK | |
r-patched-linux-x86_64 | 2.1.0 | 15.65 | 238.93 | 254.58 | OK | |
r-release-linux-x86_64 | 2.1.0 | 13.53 | 240.57 | 254.10 | OK | |
r-release-macos-arm64 | 2.1.0 | 138.00 | OK | |||
r-release-macos-x86_64 | 2.1.0 | 221.00 | OK | |||
r-release-windows-x86_64 | 2.1.0 | 16.00 | 234.00 | 250.00 | OK | |
r-oldrel-macos-arm64 | 2.1.0 | 117.00 | OK | |||
r-oldrel-macos-x86_64 | 2.1.0 | 204.00 | OK | |||
r-oldrel-windows-x86_64 | 2.1.0 | 22.00 | 296.00 | 318.00 | OK |
Version: 2.1.0
Check: examples
Result: NOTE
Examples with CPU (user + system) or elapsed time > 5s
user system elapsed
coord_geo_polar 4.902 0.280 6.137
gggeo_scale 5.031 0.014 6.462
Flavor: r-devel-linux-x86_64-debian-clang