Last updated on 2025-04-30 04:50:03 CEST.
Flavor | Version | Tinstall | Tcheck | Ttotal | Status | Flags |
---|---|---|---|---|---|---|
r-devel-linux-x86_64-debian-clang | 3.1.1 | 51.97 | 330.29 | 382.26 | NOTE | |
r-devel-linux-x86_64-debian-gcc | 3.1.1 | 34.79 | 214.04 | 248.83 | NOTE | |
r-devel-linux-x86_64-fedora-clang | 3.1.1 | 672.05 | NOTE | |||
r-devel-linux-x86_64-fedora-gcc | 3.1.1 | 612.19 | NOTE | |||
r-devel-windows-x86_64 | 3.1.1 | 56.00 | 356.00 | 412.00 | NOTE | |
r-patched-linux-x86_64 | 3.1.1 | 50.15 | 314.06 | 364.21 | NOTE | |
r-release-linux-x86_64 | 3.1.1 | 49.50 | 312.86 | 362.36 | NOTE | |
r-release-macos-arm64 | 3.1.1 | 145.00 | NOTE | |||
r-release-macos-x86_64 | 3.1.1 | 269.00 | NOTE | |||
r-release-windows-x86_64 | 3.1.1 | 56.00 | 345.00 | 401.00 | NOTE | |
r-oldrel-macos-arm64 | 3.1.1 | 134.00 | NOTE | |||
r-oldrel-macos-x86_64 | 3.1.1 | 263.00 | NOTE | |||
r-oldrel-windows-x86_64 | 3.1.1 | 69.00 | 445.00 | 514.00 | NOTE |
Version: 3.1.1
Check: C++ specification
Result: NOTE
Specified C++11: please drop specification unless essential
Flavors: r-devel-linux-x86_64-debian-clang, r-devel-linux-x86_64-debian-gcc, r-devel-linux-x86_64-fedora-clang, r-devel-linux-x86_64-fedora-gcc, r-devel-windows-x86_64, r-patched-linux-x86_64, r-release-linux-x86_64, r-release-macos-arm64, r-release-macos-x86_64, r-release-windows-x86_64, r-oldrel-macos-arm64, r-oldrel-macos-x86_64, r-oldrel-windows-x86_64
Version: 3.1.1
Check: examples
Result: NOTE
Examples with CPU (user + system) or elapsed time > 5s
user system elapsed
classify 3.029 0.264 5.334
Flavor: r-devel-linux-x86_64-debian-clang