Last updated on 2025-04-30 04:50:03 CEST.
Flavor | Version | Tinstall | Tcheck | Ttotal | Status | Flags |
---|---|---|---|---|---|---|
r-devel-linux-x86_64-debian-clang | 2.0 | 22.22 | 210.11 | 232.33 | NOTE | |
r-devel-linux-x86_64-debian-gcc | 2.0 | 17.71 | 140.71 | 158.42 | OK | |
r-devel-linux-x86_64-fedora-clang | 2.0 | 371.40 | OK | |||
r-devel-linux-x86_64-fedora-gcc | 2.0 | 331.57 | OK | |||
r-devel-windows-x86_64 | 2.0 | 26.00 | 205.00 | 231.00 | OK | |
r-patched-linux-x86_64 | 2.0 | 25.28 | 195.59 | 220.87 | OK | |
r-release-linux-x86_64 | 2.0 | 23.23 | 193.81 | 217.04 | OK | |
r-release-macos-arm64 | 2.0 | 94.00 | OK | |||
r-release-macos-x86_64 | 2.0 | 191.00 | OK | |||
r-release-windows-x86_64 | 2.0 | 24.00 | 202.00 | 226.00 | OK | |
r-oldrel-macos-arm64 | 2.0 | 89.00 | OK | |||
r-oldrel-macos-x86_64 | 2.0 | 132.00 | OK | |||
r-oldrel-windows-x86_64 | 2.0 | 31.00 | 265.00 | 296.00 | OK |
Version: 2.0
Check: examples
Result: NOTE
Examples with CPU (user + system) or elapsed time > 5s
user system elapsed
tfr 5.032 0.001 5.423
forecast.fdmpr 4.532 0.047 5.442
Flavor: r-devel-linux-x86_64-debian-clang