CRAN Package Check Results for Package denim

Last updated on 2025-04-30 04:50:03 CEST.

Flavor Version Tinstall Tcheck Ttotal Status Flags
r-devel-linux-x86_64-debian-clang 1.0.1 108.97 59.73 168.70 OK
r-devel-linux-x86_64-debian-gcc 1.0.1 77.73 45.80 123.53 OK
r-devel-linux-x86_64-fedora-clang 1.0.1 323.48 OK
r-devel-linux-x86_64-fedora-gcc 1.0.1 324.06 OK
r-devel-windows-x86_64 1.0.1 132.00 112.00 244.00 OK
r-patched-linux-x86_64 1.0.1 110.44 58.69 169.13 OK
r-release-linux-x86_64 1.0.1 112.57 58.84 171.41 OK
r-release-macos-arm64 1.0.1 93.00 OK
r-release-macos-x86_64 1.0.1 138.00 OK
r-release-windows-x86_64 1.0.1 131.00 109.00 240.00 OK
r-oldrel-macos-arm64 1.0.1 88.00 NOTE
r-oldrel-macos-x86_64 1.0.1 134.00 NOTE
r-oldrel-windows-x86_64 1.0.1 141.00 127.00 268.00 NOTE

Check Details

Version: 1.0.1
Check: installed package size
Result: NOTE installed size is 17.1Mb sub-directories of 1Mb or more: doc 2.5Mb help 1.4Mb libs 13.0Mb Flavors: r-oldrel-macos-arm64, r-oldrel-macos-x86_64, r-oldrel-windows-x86_64