Last updated on 2025-04-30 04:50:03 CEST.
Flavor | Version | Tinstall | Tcheck | Ttotal | Status | Flags |
---|---|---|---|---|---|---|
r-devel-linux-x86_64-debian-clang | 0.1.1 | 2.55 | 56.68 | 59.23 | NOTE | |
r-devel-linux-x86_64-debian-gcc | 0.1.1 | 2.11 | 39.51 | 41.62 | OK | |
r-devel-linux-x86_64-fedora-clang | 0.1.1 | 102.35 | OK | |||
r-devel-linux-x86_64-fedora-gcc | 0.1.1 | 109.45 | OK | |||
r-devel-windows-x86_64 | 0.1.1 | 5.00 | 99.00 | 104.00 | OK | |
r-patched-linux-x86_64 | 0.1.1 | 2.93 | 56.48 | 59.41 | OK | |
r-release-linux-x86_64 | 0.1.1 | 3.02 | 56.03 | 59.05 | OK | |
r-release-macos-arm64 | 0.1.1 | 36.00 | OK | |||
r-release-macos-x86_64 | 0.1.1 | 68.00 | OK | |||
r-release-windows-x86_64 | 0.1.1 | 5.00 | 93.00 | 98.00 | OK | |
r-oldrel-macos-arm64 | 0.1.1 | 37.00 | OK | |||
r-oldrel-macos-x86_64 | 0.1.1 | 55.00 | OK | |||
r-oldrel-windows-x86_64 | 0.1.1 | 6.00 | 95.00 | 101.00 | OK |
Version: 0.1.1
Check: examples
Result: NOTE
Examples with CPU (user + system) or elapsed time > 5s
user system elapsed
tunedStepSize 3.54 0.003 5.029
Flavor: r-devel-linux-x86_64-debian-clang