Last updated on 2025-04-30 04:50:03 CEST.
Flavor | Version | Tinstall | Tcheck | Ttotal | Status | Flags |
---|---|---|---|---|---|---|
r-devel-linux-x86_64-debian-clang | 1.0-2.2 | 166.02 | 132.52 | 298.54 | NOTE | |
r-devel-linux-x86_64-debian-gcc | 1.0-2.2 | 149.42 | 103.68 | 253.10 | NOTE | |
r-devel-linux-x86_64-fedora-clang | 1.0-2.2 | 462.36 | OK | |||
r-devel-linux-x86_64-fedora-gcc | 1.0-2.2 | 552.13 | OK | |||
r-devel-windows-x86_64 | 1.0-2.2 | 180.00 | 174.00 | 354.00 | OK | |
r-patched-linux-x86_64 | 1.0-2.2 | 185.83 | 137.69 | 323.52 | OK | |
r-release-linux-x86_64 | 1.0-2.2 | 191.03 | 137.85 | 328.88 | OK | |
r-release-macos-arm64 | 1.0-2.2 | 123.00 | OK | |||
r-release-macos-x86_64 | 1.0-2.2 | 225.00 | OK | |||
r-release-windows-x86_64 | 1.0-2.2 | 181.00 | 173.00 | 354.00 | OK | |
r-oldrel-macos-arm64 | 1.0-2.2 | 77.00 | NOTE | |||
r-oldrel-macos-x86_64 | 1.0-2.2 | 121.00 | NOTE | |||
r-oldrel-windows-x86_64 | 1.0-2.2 | 206.00 | 209.00 | 415.00 | NOTE |
Version: 1.0-2.2
Check: CRAN incoming feasibility
Result: NOTE
Maintainer: ‘Matt P. Wand <matt.wand@uts.edu.au>’
The Description field contains
methodology is described in Wand and Yu (2020) <arXiv:2009.06182>.
Please refer to arXiv e-prints via their arXiv DOI <doi:10.48550/arXiv.YYMM.NNNNN>.
Flavors: r-devel-linux-x86_64-debian-clang, r-devel-linux-x86_64-debian-gcc
Version: 1.0-2.2
Check: examples
Result: NOTE
Examples with CPU (user + system) or elapsed time > 5s
user system elapsed
incomeUK 4.216 0.042 5.223
Flavor: r-devel-linux-x86_64-debian-clang
Version: 1.0-2.2
Check: installed package size
Result: NOTE
installed size is 44.6Mb
sub-directories of 1Mb or more:
doc 1.9Mb
libs 42.4Mb
Flavors: r-oldrel-macos-arm64, r-oldrel-macos-x86_64
Version: 1.0-2.2
Check: for GNU extensions in Makefiles
Result: NOTE
GNU make is a SystemRequirements.
Flavors: r-oldrel-macos-arm64, r-oldrel-macos-x86_64, r-oldrel-windows-x86_64