CRAN Package Check Results for Package densratio

Last updated on 2025-04-30 04:50:03 CEST.

Flavor Version Tinstall Tcheck Ttotal Status Flags
r-devel-linux-x86_64-debian-clang 0.2.1 1.93 57.84 59.77 NOTE
r-devel-linux-x86_64-debian-gcc 0.2.1 1.53 42.31 43.84 OK
r-devel-linux-x86_64-fedora-clang 0.2.1 97.21 OK
r-devel-linux-x86_64-fedora-gcc 0.2.1 112.19 OK
r-devel-windows-x86_64 0.2.1 3.00 78.00 81.00 OK
r-patched-linux-x86_64 0.2.1 1.95 56.89 58.84 OK
r-release-linux-x86_64 0.2.1 1.70 57.63 59.33 OK
r-release-macos-arm64 0.2.1 71.00 OK
r-release-macos-x86_64 0.2.1 77.00 OK
r-release-windows-x86_64 0.2.1 3.00 74.00 77.00 OK
r-oldrel-macos-arm64 0.2.1 40.00 OK
r-oldrel-macos-x86_64 0.2.1 76.00 OK
r-oldrel-windows-x86_64 0.2.1 6.00 83.00 89.00 OK

Check Details

Version: 0.2.1
Check: examples
Result: NOTE Examples with CPU (user + system) or elapsed time > 5s user system elapsed densratio 4.045 0.024 5.554 Flavor: r-devel-linux-x86_64-debian-clang