CRAN Package Check Results for Package depend.truncation

Last updated on 2025-04-30 04:50:03 CEST.

Flavor Version Tinstall Tcheck Ttotal Status Flags
r-devel-linux-x86_64-debian-clang 3.0 10.28 49.26 59.54 NOTE
r-devel-linux-x86_64-debian-gcc 3.0 6.39 33.27 39.66 NOTE
r-devel-linux-x86_64-fedora-clang 3.0 94.01 OK
r-devel-linux-x86_64-fedora-gcc 3.0 88.24 OK
r-devel-windows-x86_64 3.0 10.00 72.00 82.00 OK
r-patched-linux-x86_64 3.0 8.80 46.34 55.14 OK
r-release-linux-x86_64 3.0 8.40 46.59 54.99 OK
r-release-macos-arm64 3.0 26.00 OK
r-release-macos-x86_64 3.0 48.00 OK
r-release-windows-x86_64 3.0 10.00 68.00 78.00 OK
r-oldrel-macos-arm64 3.0 25.00 OK
r-oldrel-macos-x86_64 3.0 39.00 OK
r-oldrel-windows-x86_64 3.0 9.00 76.00 85.00 OK

Check Details

Version: 3.0
Check: CRAN incoming feasibility
Result: NOTE Maintainer: ‘Takeshi Emura <takeshiemura@gmail.com>’ No Authors@R field in DESCRIPTION. Please add one, modifying Authors@R: person(given = "Takeshi", family = "Emura", role = c("aut", "cre"), email = "takeshiemura@gmail.com") as necessary. Flavors: r-devel-linux-x86_64-debian-clang, r-devel-linux-x86_64-debian-gcc