Last updated on 2025-04-30 04:50:03 CEST.
Flavor | Version | Tinstall | Tcheck | Ttotal | Status | Flags |
---|---|---|---|---|---|---|
r-devel-linux-x86_64-debian-clang | 2025.1.20 | 14.97 | 182.56 | 197.53 | NOTE | |
r-devel-linux-x86_64-debian-gcc | 2025.1.20 | 9.90 | 124.04 | 133.94 | OK | |
r-devel-linux-x86_64-fedora-clang | 2025.1.20 | 299.26 | OK | |||
r-devel-linux-x86_64-fedora-gcc | 2025.1.20 | 285.40 | OK | |||
r-devel-windows-x86_64 | 2025.1.20 | 15.00 | 207.00 | 222.00 | OK | |
r-patched-linux-x86_64 | 2025.1.20 | 15.23 | 173.15 | 188.38 | OK | |
r-release-linux-x86_64 | 2025.1.20 | 14.82 | 172.76 | 187.58 | OK | |
r-release-macos-arm64 | 2025.1.20 | 87.00 | WARN | |||
r-release-macos-x86_64 | 2025.1.20 | 157.00 | WARN | |||
r-release-windows-x86_64 | 2025.1.20 | 17.00 | 200.00 | 217.00 | OK | |
r-oldrel-macos-arm64 | 2025.1.20 | 87.00 | WARN | |||
r-oldrel-macos-x86_64 | 2025.1.20 | 152.00 | WARN | |||
r-oldrel-windows-x86_64 | 2025.1.20 | 21.00 | 249.00 | 270.00 | OK |
Version: 2025.1.20
Check: examples
Result: NOTE
Examples with CPU (user + system) or elapsed time > 5s
user system elapsed
plot.depower 5.425 0.154 6.93
Flavor: r-devel-linux-x86_64-debian-clang
Version: 2025.1.20
Check: Rd files
Result: WARN
prepare_Rd: package version mismatch:
glmmTMB was built with TMB package version 1.9.16
Current TMB package version is 1.9.17
Please re-install glmmTMB from source or restore original ‘TMB’ package (see '?reinstalling' for more information)
Flavors: r-release-macos-arm64, r-release-macos-x86_64
Version: 2025.1.20
Check: Rd files
Result: WARN
prepare_Rd: package version mismatch:
glmmTMB was built with TMB package version 1.9.15
Current TMB package version is 1.9.16
Please re-install glmmTMB from source or restore original ‘TMB’ package (see '?reinstalling' for more information)
Flavors: r-oldrel-macos-arm64, r-oldrel-macos-x86_64