CRAN Package Check Results for Package descr

Last updated on 2025-04-30 04:50:03 CEST.

Flavor Version Tinstall Tcheck Ttotal Status Flags
r-devel-linux-x86_64-debian-clang 1.1.8 4.16 27.41 31.57 NOTE
r-devel-linux-x86_64-debian-gcc 1.1.8 3.20 20.67 23.87 NOTE
r-devel-linux-x86_64-fedora-clang 1.1.8 48.66 OK
r-devel-linux-x86_64-fedora-gcc 1.1.8 46.18 OK
r-devel-windows-x86_64 1.1.8 6.00 62.00 68.00 OK
r-patched-linux-x86_64 1.1.8 4.57 25.97 30.54 OK
r-release-linux-x86_64 1.1.8 3.73 25.99 29.72 OK
r-release-macos-arm64 1.1.8 21.00 OK
r-release-macos-x86_64 1.1.8 33.00 OK
r-release-windows-x86_64 1.1.8 7.00 58.00 65.00 OK
r-oldrel-macos-arm64 1.1.8 20.00 OK
r-oldrel-macos-x86_64 1.1.8 30.00 OK
r-oldrel-windows-x86_64 1.1.8 7.00 61.00 68.00 OK

Check Details

Version: 1.1.8
Check: CRAN incoming feasibility
Result: NOTE Maintainer: ‘Jakson Aquino <jalvesaq@gmail.com>’ No Authors@R field in DESCRIPTION. Please add one, modifying Authors@R: c(person(given = c("Jakson", "Aquino.", "Includes", "R", "source", "code", "and/or", "documentation", "written", "by", "Dirk"), family = "Enzmann", role = "aut"), person(given = "Marc", family = "Schwartz", role = "aut"), person(given = "Nitin", family = "Jain", role = "aut"), person(given = "Stefan", family = "Kraft", role = "aut"), person(given = "Jakson", family = "Aquino", role = "cre", email = "jalvesaq@gmail.com")) as necessary. Flavors: r-devel-linux-x86_64-debian-clang, r-devel-linux-x86_64-debian-gcc