Last updated on 2025-04-30 04:50:03 CEST.
Flavor | Version | Tinstall | Tcheck | Ttotal | Status | Flags |
---|---|---|---|---|---|---|
r-devel-linux-x86_64-debian-clang | 0.6.0 | 6.51 | 127.60 | 134.11 | NOTE | |
r-devel-linux-x86_64-debian-gcc | 0.6.0 | 5.25 | 84.89 | 90.14 | OK | |
r-devel-linux-x86_64-fedora-clang | 0.6.0 | 192.09 | OK | |||
r-devel-linux-x86_64-fedora-gcc | 0.6.0 | 194.91 | OK | |||
r-devel-windows-x86_64 | 0.6.0 | 10.00 | 144.00 | 154.00 | OK | |
r-patched-linux-x86_64 | 0.6.0 | 7.51 | 117.79 | 125.30 | OK | |
r-release-linux-x86_64 | 0.6.0 | 7.81 | 117.18 | 124.99 | OK | |
r-release-macos-arm64 | 0.6.0 | 62.00 | OK | |||
r-release-macos-x86_64 | 0.6.0 | 144.00 | OK | |||
r-release-windows-x86_64 | 0.6.0 | 9.00 | 134.00 | 143.00 | OK | |
r-oldrel-macos-arm64 | 0.6.0 | 67.00 | OK | |||
r-oldrel-macos-x86_64 | 0.6.0 | 127.00 | OK | |||
r-oldrel-windows-x86_64 | 0.6.0 | 12.00 | 170.00 | 182.00 | OK |
Version: 0.6.0
Check: examples
Result: NOTE
Examples with CPU (user + system) or elapsed time > 5s
user system elapsed
ds_plot_scatter 5.077 0.008 6.078
Flavor: r-devel-linux-x86_64-debian-clang