CRAN Package Check Results for Package deseats

Last updated on 2025-04-30 04:50:03 CEST.

Flavor Version Tinstall Tcheck Ttotal Status Flags
r-devel-linux-x86_64-debian-clang 1.1.0 68.37 84.71 153.08 OK
r-devel-linux-x86_64-debian-gcc 1.1.0 46.64 57.14 103.78 OK
r-devel-linux-x86_64-fedora-clang 1.1.0 249.22 OK
r-devel-linux-x86_64-fedora-gcc 1.1.0 238.32 OK
r-devel-windows-x86_64 1.1.0 77.00 134.00 211.00 OK
r-patched-linux-x86_64 1.1.0 65.71 78.38 144.09 OK
r-release-linux-x86_64 1.1.0 69.24 77.50 146.74 OK
r-release-macos-arm64 1.1.0 60.00 OK
r-release-macos-x86_64 1.1.0 104.00 OK
r-release-windows-x86_64 1.1.0 82.00 133.00 215.00 OK
r-oldrel-macos-arm64 1.1.0 71.00 NOTE
r-oldrel-macos-x86_64 1.1.0 117.00 NOTE
r-oldrel-windows-x86_64 1.1.0 87.00 157.00 244.00 OK

Check Details

Version: 1.1.0
Check: installed package size
Result: NOTE installed size is 5.9Mb sub-directories of 1Mb or more: libs 5.1Mb Flavors: r-oldrel-macos-arm64, r-oldrel-macos-x86_64