CRAN Package Check Results for Package desiR

Last updated on 2025-04-30 04:50:03 CEST.

Flavor Version Tinstall Tcheck Ttotal Status Flags
r-devel-linux-x86_64-debian-clang 1.2.2 2.00 28.74 30.74 NOTE
r-devel-linux-x86_64-debian-gcc 1.2.2 1.63 23.42 25.05 NOTE
r-devel-linux-x86_64-fedora-clang 1.2.2 46.95 OK
r-devel-linux-x86_64-fedora-gcc 1.2.2 59.05 OK
r-devel-windows-x86_64 1.2.2 3.00 73.00 76.00 OK
r-patched-linux-x86_64 1.2.2 1.91 27.64 29.55 OK
r-release-linux-x86_64 1.2.2 1.74 27.74 29.48 OK
r-release-macos-arm64 1.2.2 26.00 OK
r-release-macos-x86_64 1.2.2 47.00 OK
r-release-windows-x86_64 1.2.2 4.00 72.00 76.00 OK
r-oldrel-macos-arm64 1.2.2 25.00 OK
r-oldrel-macos-x86_64 1.2.2 38.00 OK
r-oldrel-windows-x86_64 1.2.2 4.00 68.00 72.00 OK

Check Details

Version: 1.2.2
Check: CRAN incoming feasibility
Result: NOTE Maintainer: ‘Stanley E. Lazic <stan.lazic@cantab.net>’ No Authors@R field in DESCRIPTION. Please add one, modifying Authors@R: person(given = c("Stanley", "E."), family = "Lazic", role = c("aut", "cre"), email = "stan.lazic@cantab.net") as necessary. Package CITATION file contains call(s) to old-style citEntry(). Please use bibentry() instead. Flavors: r-devel-linux-x86_64-debian-clang, r-devel-linux-x86_64-debian-gcc