Last updated on 2025-04-30 04:50:03 CEST.
Flavor | Version | Tinstall | Tcheck | Ttotal | Status | Flags |
---|---|---|---|---|---|---|
r-devel-linux-x86_64-debian-clang | 1.1.2 | 8.88 | 56.76 | 65.64 | NOTE | |
r-devel-linux-x86_64-debian-gcc | 1.1.2 | 5.79 | 38.40 | 44.19 | OK | |
r-devel-linux-x86_64-fedora-clang | 1.1.2 | 100.71 | OK | |||
r-devel-linux-x86_64-fedora-gcc | 1.1.2 | 95.21 | OK | |||
r-devel-windows-x86_64 | 1.1.2 | 10.00 | 86.00 | 96.00 | OK | |
r-patched-linux-x86_64 | 1.1.2 | 9.01 | 52.85 | 61.86 | OK | |
r-release-linux-x86_64 | 1.1.2 | 8.77 | 53.15 | 61.92 | OK | |
r-release-macos-arm64 | 1.1.2 | 31.00 | OK | |||
r-release-macos-x86_64 | 1.1.2 | 53.00 | OK | |||
r-release-windows-x86_64 | 1.1.2 | 11.00 | 83.00 | 94.00 | OK | |
r-oldrel-macos-arm64 | 1.1.2 | 39.00 | OK | |||
r-oldrel-macos-x86_64 | 1.1.2 | 73.00 | OK | |||
r-oldrel-windows-x86_64 | 1.1.2 | 9.00 | 91.00 | 100.00 | OK |
Version: 1.1.2
Check: examples
Result: NOTE
Examples with CPU (user + system) or elapsed time > 5s
user system elapsed
roll.win 4.641 0.042 5.329
Flavor: r-devel-linux-x86_64-debian-clang