Last updated on 2025-04-30 04:50:03 CEST.
Flavor | Version | Tinstall | Tcheck | Ttotal | Status | Flags |
---|---|---|---|---|---|---|
r-devel-linux-x86_64-debian-clang | 0.4-6 | 10.89 | 279.82 | 290.71 | NOTE | |
r-devel-linux-x86_64-debian-gcc | 0.4-6 | 6.40 | 186.00 | 192.40 | NOTE | |
r-devel-linux-x86_64-fedora-clang | 0.4-6 | 480.23 | OK | |||
r-devel-linux-x86_64-fedora-gcc | 0.4-6 | 488.59 | OK | |||
r-devel-windows-x86_64 | 0.4-6 | 10.00 | 531.00 | 541.00 | OK | |
r-patched-linux-x86_64 | 0.4-6 | 9.50 | 290.38 | 299.88 | OK | |
r-release-linux-x86_64 | 0.4-6 | 10.49 | 289.68 | 300.17 | OK | |
r-release-macos-arm64 | 0.4-6 | 149.00 | OK | |||
r-release-macos-x86_64 | 0.4-6 | 415.00 | OK | |||
r-release-windows-x86_64 | 0.4-6 | 10.00 | 490.00 | 500.00 | OK | |
r-oldrel-macos-arm64 | 0.4-6 | 138.00 | OK | |||
r-oldrel-macos-x86_64 | 0.4-6 | 312.00 | OK | |||
r-oldrel-windows-x86_64 | 0.4-6 | 13.00 | 540.00 | 553.00 | OK |
Version: 0.4-6
Check: CRAN incoming feasibility
Result: NOTE
Maintainer: ‘Peter Solymos <psolymos@gmail.com>’
No Authors@R field in DESCRIPTION.
Please add one, modifying
Authors@R: c(person(given = "Peter",
family = "Solymos",
role = c("cre", "aut"),
email = "psolymos@gmail.com"),
person(given = "Monica",
family = "Moreno",
role = "aut"),
person(given = c("Subhash", "R."),
family = "Lele",
role = "aut"))
as necessary.
Flavors: r-devel-linux-x86_64-debian-clang, r-devel-linux-x86_64-debian-gcc