CRAN Package Check Results for Package dfphase1

Last updated on 2025-04-30 04:50:03 CEST.

Flavor Version Tinstall Tcheck Ttotal Status Flags
r-devel-linux-x86_64-debian-clang 1.2.0 33.21 41.27 74.48 NOTE
r-devel-linux-x86_64-debian-gcc 1.2.0 25.75 31.14 56.89 NOTE
r-devel-linux-x86_64-fedora-clang 1.2.0 130.64 OK
r-devel-linux-x86_64-fedora-gcc 1.2.0 131.35 OK
r-devel-windows-x86_64 1.2.0 38.00 87.00 125.00 OK
r-patched-linux-x86_64 1.2.0 37.03 39.06 76.09 OK
r-release-linux-x86_64 1.2.0 34.67 39.26 73.93 OK
r-release-macos-arm64 1.2.0 38.00 OK
r-release-macos-x86_64 1.2.0 58.00 OK
r-release-windows-x86_64 1.2.0 39.00 76.00 115.00 OK
r-oldrel-macos-arm64 1.2.0 38.00 OK
r-oldrel-macos-x86_64 1.2.0 58.00 OK
r-oldrel-windows-x86_64 1.2.0 38.00 96.00 134.00 OK

Check Details

Version: 1.2.0
Check: CRAN incoming feasibility
Result: NOTE Maintainer: ‘Giovanna Capizzi <giovanna.capizzi@unipd.it>’ No Authors@R field in DESCRIPTION. Please add one, modifying Authors@R: c(person(given = "Giovanna", family = "Capizzi", role = c("aut", "cre"), email = "giovanna.capizzi@unipd.it"), person(given = "Guido", family = "Masarotto", role = "aut")) as necessary. Flavors: r-devel-linux-x86_64-debian-clang, r-devel-linux-x86_64-debian-gcc