Last updated on 2025-04-30 04:50:03 CEST.
Flavor | Version | Tinstall | Tcheck | Ttotal | Status | Flags |
---|---|---|---|---|---|---|
r-devel-linux-x86_64-debian-clang | 0.3.6 | 2.49 | 42.17 | 44.66 | NOTE | |
r-devel-linux-x86_64-debian-gcc | 0.3.6 | 1.83 | 29.79 | 31.62 | NOTE | |
r-devel-linux-x86_64-fedora-clang | 0.3.6 | 70.42 | OK | |||
r-devel-linux-x86_64-fedora-gcc | 0.3.6 | 80.83 | OK | |||
r-devel-windows-x86_64 | 0.3.6 | 4.00 | 61.00 | 65.00 | OK | |
r-patched-linux-x86_64 | 0.3.6 | 2.23 | 39.40 | 41.63 | OK | |
r-release-linux-x86_64 | 0.3.6 | 2.07 | 39.32 | 41.39 | OK | |
r-release-macos-arm64 | 0.3.6 | 29.00 | OK | |||
r-release-macos-x86_64 | 0.3.6 | 56.00 | OK | |||
r-release-windows-x86_64 | 0.3.6 | 5.00 | 63.00 | 68.00 | OK | |
r-oldrel-macos-arm64 | 0.3.6 | 28.00 | OK | |||
r-oldrel-macos-x86_64 | 0.3.6 | 44.00 | OK | |||
r-oldrel-windows-x86_64 | 0.3.6 | 4.00 | 66.00 | 70.00 | OK |
Version: 0.3.6
Check: CRAN incoming feasibility
Result: NOTE
Maintainer: ‘Shipei Zeng <shipei.zeng@unswalumni.com>’
No Authors@R field in DESCRIPTION.
Please add one, modifying
Authors@R: person(given = "Shipei",
family = "Zeng",
role = c("aut", "cre"),
email = "shipei.zeng@unswalumni.com")
as necessary.
Flavors: r-devel-linux-x86_64-debian-clang, r-devel-linux-x86_64-debian-gcc