Last updated on 2025-04-30 04:50:03 CEST.
Flavor | Version | Tinstall | Tcheck | Ttotal | Status | Flags |
---|---|---|---|---|---|---|
r-devel-linux-x86_64-debian-clang | 3.1.0 | 377.87 | 104.61 | 482.48 | NOTE | |
r-devel-linux-x86_64-debian-gcc | 3.1.0 | 292.83 | 73.82 | 366.65 | NOTE | |
r-devel-linux-x86_64-fedora-clang | 3.1.0 | 1068.42 | NOTE | |||
r-devel-linux-x86_64-fedora-gcc | 3.1.0 | 966.45 | NOTE | |||
r-devel-windows-x86_64 | 3.1.0 | 484.00 | 155.00 | 639.00 | NOTE | |
r-patched-linux-x86_64 | 3.1.0 | 414.85 | 92.38 | 507.23 | NOTE | |
r-release-linux-x86_64 | 3.1.0 | 410.97 | 92.14 | 503.11 | NOTE | |
r-release-macos-arm64 | 3.1.0 | 245.00 | NOTE | |||
r-release-macos-x86_64 | 3.1.0 | 221.00 | NOTE | |||
r-release-windows-x86_64 | 3.1.0 | 491.00 | 159.00 | 650.00 | NOTE | |
r-oldrel-macos-arm64 | 3.1.0 | 173.00 | NOTE | |||
r-oldrel-macos-x86_64 | 3.1.0 | 278.00 | NOTE | |||
r-oldrel-windows-x86_64 | 3.1.0 | 537.00 | 186.00 | 723.00 | OK |
Version: 3.1.0
Check: CRAN incoming feasibility
Result: NOTE
Maintainer: ‘Sebastian Krantz <sebastian.krantz@graduateinstitute.ch>’
The BugReports field in DESCRIPTION has
https://github.com/r-barnes/dggridR/
which should likely be
https://github.com/r-barnes/dggridR/issues
instead.
Flavors: r-devel-linux-x86_64-debian-clang, r-devel-linux-x86_64-debian-gcc
Version: 3.1.0
Check: DESCRIPTION meta-information
Result: NOTE
Missing dependency on R >= 4.1.0 because package code uses the pipe
|> or function shorthand \(...) syntax added in R 4.1.0.
File(s) using such syntax:
‘dggridR.R’
Flavors: r-devel-linux-x86_64-debian-clang, r-devel-linux-x86_64-debian-gcc, r-devel-linux-x86_64-fedora-clang, r-devel-linux-x86_64-fedora-gcc, r-devel-windows-x86_64, r-patched-linux-x86_64, r-release-linux-x86_64, r-release-macos-arm64, r-release-macos-x86_64, r-release-windows-x86_64
Version: 3.1.0
Check: examples
Result: NOTE
Examples with CPU (user + system) or elapsed time > 5s
user system elapsed
dgrectgrid 5.169 0 7.175
Flavor: r-devel-linux-x86_64-debian-clang
Version: 3.1.0
Check: installed package size
Result: NOTE
installed size is 16.9Mb
sub-directories of 1Mb or more:
doc 1.5Mb
libs 15.0Mb
Flavors: r-oldrel-macos-arm64, r-oldrel-macos-x86_64