Last updated on 2025-04-30 04:50:03 CEST.
Flavor | Version | Tinstall | Tcheck | Ttotal | Status | Flags |
---|---|---|---|---|---|---|
r-devel-linux-x86_64-debian-clang | 2.1.7 | 29.43 | 82.25 | 111.68 | NOTE | |
r-devel-linux-x86_64-debian-gcc | 2.1.7 | 18.44 | 57.35 | 75.79 | NOTE | |
r-devel-linux-x86_64-fedora-clang | 2.1.7 | 164.26 | NOTE | |||
r-devel-linux-x86_64-fedora-gcc | 2.1.7 | 162.10 | NOTE | |||
r-devel-windows-x86_64 | 2.1.7 | 36.00 | 111.00 | 147.00 | NOTE | |
r-patched-linux-x86_64 | 2.1.7 | 24.47 | 76.64 | 101.11 | NOTE | |
r-release-linux-x86_64 | 2.1.7 | 26.14 | 76.38 | 102.52 | NOTE | |
r-release-macos-arm64 | 2.1.7 | 62.00 | NOTE | |||
r-release-macos-x86_64 | 2.1.7 | 140.00 | NOTE | |||
r-release-windows-x86_64 | 2.1.7 | 33.00 | 108.00 | 141.00 | NOTE | |
r-oldrel-macos-arm64 | 2.1.7 | 55.00 | NOTE | |||
r-oldrel-macos-x86_64 | 2.1.7 | 102.00 | NOTE | |||
r-oldrel-windows-x86_64 | 2.1.7 | 39.00 | 122.00 | 161.00 | NOTE |
Version: 2.1.7
Check: Rd files
Result: NOTE
checkRd: (-1) AIC.dglars.Rd:47: Lost braces
47 | \item{comp}{the measures of model complexity used to compute the measure of goodness-of-fit. It is equal to \code{npar} when code{complexity = "df"};}
| ^
checkRd: (-1) dglars.Rd:258: Lost braces
258 | \item{\code{7}}{maximum number of solution points ('code{np}') reached.}
| ^
Flavors: r-devel-linux-x86_64-debian-clang, r-devel-linux-x86_64-debian-gcc, r-devel-linux-x86_64-fedora-clang, r-devel-linux-x86_64-fedora-gcc, r-devel-windows-x86_64, r-patched-linux-x86_64, r-release-linux-x86_64, r-release-macos-arm64, r-release-macos-x86_64, r-release-windows-x86_64, r-oldrel-macos-arm64, r-oldrel-macos-x86_64, r-oldrel-windows-x86_64
Version: 2.1.7
Check: examples
Result: NOTE
Examples with CPU (user + system) or elapsed time > 5s
user system elapsed
grcv 5.493 0.083 8.222
phihat 4.357 0.019 5.582
AIC.dglars 2.685 0.172 5.242
Flavor: r-devel-linux-x86_64-debian-clang