Last updated on 2025-02-22 05:51:33 CET.
Flavor | Version | Tinstall | Tcheck | Ttotal | Status | Flags |
---|---|---|---|---|---|---|
r-devel-linux-x86_64-debian-clang | 1.0.1 | 14.77 | 22.55 | 37.32 | NOTE | |
r-devel-linux-x86_64-debian-gcc | 1.0.1 | 11.63 | 17.64 | 29.27 | NOTE | |
r-devel-linux-x86_64-fedora-clang | 1.0.1 | 65.91 | NOTE | |||
r-devel-linux-x86_64-fedora-gcc | 1.0.1 | 62.85 | NOTE | |||
r-devel-macos-arm64 | 1.0.1 | 23.00 | NOTE | |||
r-devel-macos-x86_64 | 1.0.1 | 35.00 | NOTE | |||
r-devel-windows-x86_64 | 1.0.1 | 17.00 | 63.00 | 80.00 | NOTE | |
r-patched-linux-x86_64 | 1.0.1 | 14.79 | 21.31 | 36.10 | NOTE | |
r-release-linux-x86_64 | 1.0.1 | 16.08 | 21.14 | 37.22 | NOTE | |
r-release-macos-arm64 | 1.0.1 | 22.00 | NOTE | |||
r-release-macos-x86_64 | 1.0.1 | 32.00 | NOTE | |||
r-release-windows-x86_64 | 1.0.1 | 19.00 | 60.00 | 79.00 | NOTE | |
r-oldrel-macos-arm64 | 1.0.1 | 27.00 | NOTE | |||
r-oldrel-macos-x86_64 | 1.0.1 | 37.00 | NOTE | |||
r-oldrel-windows-x86_64 | 1.0.1 | 21.00 | 68.00 | 89.00 | NOTE |
Version: 1.0.1
Check: C++ specification
Result: NOTE
Specified C++11: please drop specification unless essential
Flavors: r-devel-linux-x86_64-debian-clang, r-devel-linux-x86_64-debian-gcc, r-devel-linux-x86_64-fedora-clang, r-devel-linux-x86_64-fedora-gcc, r-devel-macos-arm64, r-devel-macos-x86_64, r-devel-windows-x86_64, r-patched-linux-x86_64, r-release-linux-x86_64, r-release-macos-arm64, r-release-macos-x86_64, r-release-windows-x86_64, r-oldrel-macos-arm64, r-oldrel-macos-x86_64, r-oldrel-windows-x86_64