Last updated on 2025-04-30 04:50:03 CEST.
Flavor | Version | Tinstall | Tcheck | Ttotal | Status | Flags |
---|---|---|---|---|---|---|
r-devel-linux-x86_64-debian-clang | 1.2 | 1.72 | 20.53 | 22.25 | NOTE | |
r-devel-linux-x86_64-debian-gcc | 1.2 | 1.50 | 16.60 | 18.10 | NOTE | |
r-devel-linux-x86_64-fedora-clang | 1.2 | 35.10 | OK | |||
r-devel-linux-x86_64-fedora-gcc | 1.2 | 32.60 | OK | |||
r-devel-windows-x86_64 | 1.2 | 3.00 | 49.00 | 52.00 | OK | |
r-patched-linux-x86_64 | 1.2 | 1.84 | 19.68 | 21.52 | OK | |
r-release-linux-x86_64 | 1.2 | 1.69 | 19.46 | 21.15 | OK | |
r-release-macos-arm64 | 1.2 | 17.00 | OK | |||
r-release-macos-x86_64 | 1.2 | 24.00 | OK | |||
r-release-windows-x86_64 | 1.2 | 3.00 | 48.00 | 51.00 | OK | |
r-oldrel-macos-arm64 | 1.2 | 16.00 | OK | |||
r-oldrel-macos-x86_64 | 1.2 | 24.00 | OK | |||
r-oldrel-windows-x86_64 | 1.2 | 2.00 | 49.00 | 51.00 | OK |
Version: 1.2
Check: CRAN incoming feasibility
Result: NOTE
Maintainer: ‘Dylan Arena <dylanarena1@gmail.com>’
No Authors@R field in DESCRIPTION.
Please add one, modifying
Authors@R: person(given = "Dylan",
family = "Arena",
role = c("aut", "cre"),
email = "dylanarena1@gmail.com")
as necessary.
Flavors: r-devel-linux-x86_64-debian-clang, r-devel-linux-x86_64-debian-gcc