CRAN Package Check Results for Package difconet

Last updated on 2025-04-30 04:50:03 CEST.

Flavor Version Tinstall Tcheck Ttotal Status Flags
r-devel-linux-x86_64-debian-clang 1.0-4 4.34 47.04 51.38 NOTE
r-devel-linux-x86_64-debian-gcc 1.0-4 2.76 41.46 44.22 NOTE
r-devel-linux-x86_64-fedora-clang 1.0-4 76.46 OK
r-devel-linux-x86_64-fedora-gcc 1.0-4 71.96 OK
r-devel-windows-x86_64 1.0-4 5.00 67.00 72.00 OK
r-patched-linux-x86_64 1.0-4 4.30 45.78 50.08 OK
r-release-linux-x86_64 1.0-4 3.69 44.83 48.52 OK
r-release-macos-arm64 1.0-4 39.00 OK
r-release-macos-x86_64 1.0-4 57.00 OK
r-release-windows-x86_64 1.0-4 5.00 68.00 73.00 OK
r-oldrel-macos-arm64 1.0-4 28.00 OK
r-oldrel-macos-x86_64 1.0-4 47.00 OK
r-oldrel-windows-x86_64 1.0-4 6.00 73.00 79.00 OK

Check Details

Version: 1.0-4
Check: examples
Result: NOTE Examples with CPU (user + system) or elapsed time > 5s user system elapsed difconet.run 5.692 0.004 6.548 difconet.plot.histograms.heatmap2 5.683 0.008 7.804 difconet.plot.gene.correlations 5.547 0.047 6.949 Flavor: r-devel-linux-x86_64-debian-clang

Version: 1.0-4
Check: examples
Result: NOTE Examples with CPU (user + system) or elapsed time > 5s user system elapsed difconet.plot.histograms.heatmap2 6.156 0.034 7.783 difconet.run 6.121 0.020 8.679 difconet.plot.gene.correlations 5.954 0.065 7.370 Flavor: r-devel-linux-x86_64-debian-gcc