Last updated on 2025-04-30 04:50:03 CEST.
Flavor | Version | Tinstall | Tcheck | Ttotal | Status | Flags |
---|---|---|---|---|---|---|
r-devel-linux-x86_64-debian-clang | 0.0-8 | 31.98 | 261.37 | 293.35 | NOTE | |
r-devel-linux-x86_64-debian-gcc | 0.0-8 | 19.31 | 165.82 | 185.13 | NOTE | |
r-devel-linux-x86_64-fedora-clang | 0.0-8 | 450.95 | OK | |||
r-devel-linux-x86_64-fedora-gcc | 0.0-8 | 427.38 | OK | |||
r-devel-windows-x86_64 | 0.0-8 | 28.00 | 205.00 | 233.00 | OK | |
r-patched-linux-x86_64 | 0.0-8 | 29.31 | 241.01 | 270.32 | OK | |
r-release-linux-x86_64 | 0.0-8 | 29.74 | 244.90 | 274.64 | OK | |
r-release-macos-arm64 | 0.0-8 | 94.00 | OK | |||
r-release-macos-x86_64 | 0.0-8 | 225.00 | OK | |||
r-release-windows-x86_64 | 0.0-8 | 28.00 | 203.00 | 231.00 | OK | |
r-oldrel-macos-arm64 | 0.0-8 | 94.00 | OK | |||
r-oldrel-macos-x86_64 | 0.0-8 | 154.00 | OK | |||
r-oldrel-windows-x86_64 | 0.0-8 | 38.00 | 278.00 | 316.00 | OK |
Version: 0.0-8
Check: CRAN incoming feasibility
Result: NOTE
Maintainer: ‘Ali Santacruz <amsantac@unal.edu.co>’
No Authors@R field in DESCRIPTION.
Please add one, modifying
Authors@R: c(person(given = c("Robert", "Gilmore"),
family = "Pontius Jr.",
role = "aut",
email = "rpontius@clarku.edu"),
person(given = "Ali",
family = "Santacruz",
role = c("aut", "cre"),
email = "amsantac@unal.edu.co"))
as necessary.
Flavors: r-devel-linux-x86_64-debian-clang, r-devel-linux-x86_64-debian-gcc