Last updated on 2025-04-30 04:50:03 CEST.
Flavor | Version | Tinstall | Tcheck | Ttotal | Status | Flags |
---|---|---|---|---|---|---|
r-devel-linux-x86_64-debian-clang | 0.1.2 | 2.02 | 50.64 | 52.66 | NOTE | |
r-devel-linux-x86_64-debian-gcc | 0.1.2 | 1.51 | 36.64 | 38.15 | OK | |
r-devel-linux-x86_64-fedora-clang | 0.1.2 | 82.85 | OK | |||
r-devel-linux-x86_64-fedora-gcc | 0.1.2 | 101.60 | OK | |||
r-devel-windows-x86_64 | 0.1.2 | 4.00 | 89.00 | 93.00 | OK | |
r-patched-linux-x86_64 | 0.1.2 | 1.93 | 47.47 | 49.40 | OK | |
r-release-linux-x86_64 | 0.1.2 | 2.10 | 46.79 | 48.89 | OK | |
r-release-macos-arm64 | 0.1.2 | 35.00 | OK | |||
r-release-macos-x86_64 | 0.1.2 | 63.00 | OK | |||
r-release-windows-x86_64 | 0.1.2 | 4.00 | 96.00 | 100.00 | OK | |
r-oldrel-macos-arm64 | 0.1.2 | 33.00 | OK | |||
r-oldrel-macos-x86_64 | 0.1.2 | 51.00 | OK | |||
r-oldrel-windows-x86_64 | 0.1.2 | 3.00 | 84.00 | 87.00 | OK |
Version: 0.1.2
Check: examples
Result: NOTE
Examples with CPU (user + system) or elapsed time > 5s
user system elapsed
digitTests 4.38 0.028 5.522
Flavor: r-devel-linux-x86_64-debian-clang