CRAN Package Check Results for Package dinamic

Last updated on 2025-04-30 04:50:03 CEST.

Flavor Version Tinstall Tcheck Ttotal Status Flags
r-devel-linux-x86_64-debian-clang 1.0.1 1.99 30.87 32.86 NOTE
r-devel-linux-x86_64-debian-gcc 1.0.1 1.53 22.60 24.13 NOTE
r-devel-linux-x86_64-fedora-clang 1.0.1 48.65 OK
r-devel-linux-x86_64-fedora-gcc 1.0.1 50.26 OK
r-devel-windows-x86_64 1.0.1 3.00 57.00 60.00 OK
r-patched-linux-x86_64 1.0.1 1.78 29.28 31.06 OK
r-release-linux-x86_64 1.0.1 2.01 28.34 30.35 OK
r-release-macos-arm64 1.0.1 21.00 OK
r-release-macos-x86_64 1.0.1 32.00 OK
r-release-windows-x86_64 1.0.1 4.00 58.00 62.00 OK
r-oldrel-macos-arm64 1.0.1 21.00 OK
r-oldrel-macos-x86_64 1.0.1 31.00 OK
r-oldrel-windows-x86_64 1.0.1 3.00 59.00 62.00 OK

Check Details

Version: 1.0.1
Check: examples
Result: NOTE Examples with CPU (user + system) or elapsed time > 5s user system elapsed detailedLook 8.31 0.068 10.33 Flavor: r-devel-linux-x86_64-debian-clang

Version: 1.0.1
Check: examples
Result: NOTE Examples with CPU (user + system) or elapsed time > 5s user system elapsed detailedLook 4.902 0.087 5.964 Flavor: r-devel-linux-x86_64-debian-gcc