CRAN Package Check Results for Package dineq

Last updated on 2025-04-30 04:50:03 CEST.

Flavor Version Tinstall Tcheck Ttotal Status Flags
r-devel-linux-x86_64-debian-clang 0.1.0 2.27 29.65 31.92 NOTE
r-devel-linux-x86_64-debian-gcc 0.1.0 1.90 22.83 24.73 NOTE
r-devel-linux-x86_64-fedora-clang 0.1.0 49.65 OK
r-devel-linux-x86_64-fedora-gcc 0.1.0 47.73 OK
r-devel-windows-x86_64 0.1.0 5.00 62.00 67.00 OK
r-patched-linux-x86_64 0.1.0 2.11 28.30 30.41 OK
r-release-linux-x86_64 0.1.0 2.84 28.00 30.84 OK
r-release-macos-arm64 0.1.0 30.00 OK
r-release-macos-x86_64 0.1.0 39.00 OK
r-release-windows-x86_64 0.1.0 6.00 58.00 64.00 OK
r-oldrel-macos-arm64 0.1.0 21.00 OK
r-oldrel-macos-x86_64 0.1.0 31.00 OK
r-oldrel-windows-x86_64 0.1.0 5.00 64.00 69.00 OK

Check Details

Version: 0.1.0
Check: CRAN incoming feasibility
Result: NOTE Maintainer: ‘René Schulenberg <reneschulenberg@gmail.com>’ No Authors@R field in DESCRIPTION. Please add one, modifying Authors@R: person(given = "René", family = "Schulenberg", role = c("aut", "cre"), email = "reneschulenberg@gmail.com") as necessary. Flavors: r-devel-linux-x86_64-debian-clang, r-devel-linux-x86_64-debian-gcc