Last updated on 2025-04-30 04:50:03 CEST.
Flavor | Version | Tinstall | Tcheck | Ttotal | Status | Flags |
---|---|---|---|---|---|---|
r-devel-linux-x86_64-debian-clang | 1.5.1 | 2.36 | 30.61 | 32.97 | NOTE | |
r-devel-linux-x86_64-debian-gcc | 1.5.1 | 1.45 | 23.02 | 24.47 | NOTE | |
r-devel-linux-x86_64-fedora-clang | 1.5.1 | 48.67 | OK | |||
r-devel-linux-x86_64-fedora-gcc | 1.5.1 | 46.75 | OK | |||
r-devel-windows-x86_64 | 1.5.1 | 4.00 | 57.00 | 61.00 | OK | |
r-patched-linux-x86_64 | 1.5.1 | 2.70 | 28.45 | 31.15 | OK | |
r-release-linux-x86_64 | 1.5.1 | 2.43 | 28.58 | 31.01 | OK | |
r-release-macos-arm64 | 1.5.1 | 22.00 | OK | |||
r-release-macos-x86_64 | 1.5.1 | 32.00 | OK | |||
r-release-windows-x86_64 | 1.5.1 | 4.00 | 38.00 | 42.00 | OK | |
r-oldrel-macos-arm64 | 1.5.1 | 22.00 | OK | |||
r-oldrel-macos-x86_64 | 1.5.1 | 31.00 | OK | |||
r-oldrel-windows-x86_64 | 1.5.1 | 4.00 | 58.00 | 62.00 | OK |
Version: 1.5.1
Check: CRAN incoming feasibility
Result: NOTE
Maintainer: ‘Pengyi Yang <yangpy7@gmail.com>’
No Authors@R field in DESCRIPTION.
Please add one, modifying
Authors@R: c(person(given = c("Pengyi", "Yang", "&", "Ellis"),
family = "Patrick",
role = "aut"),
person(given = "Pengyi",
family = "Yang",
role = "cre",
email = "yangpy7@gmail.com"))
as necessary.
Flavors: r-devel-linux-x86_64-debian-clang, r-devel-linux-x86_64-debian-gcc