Last updated on 2025-04-30 04:50:03 CEST.
Flavor | Version | Tinstall | Tcheck | Ttotal | Status | Flags |
---|---|---|---|---|---|---|
r-devel-linux-x86_64-debian-clang | 2024.1.21 | 4.58 | 142.72 | 147.30 | NOTE | |
r-devel-linux-x86_64-debian-gcc | 2024.1.21 | 3.34 | 93.44 | 96.78 | NOTE | |
r-devel-linux-x86_64-fedora-clang | 2024.1.21 | 227.98 | OK | |||
r-devel-linux-x86_64-fedora-gcc | 2024.1.21 | 233.06 | OK | |||
r-devel-windows-x86_64 | 2024.1.21 | 7.00 | 163.00 | 170.00 | OK | |
r-patched-linux-x86_64 | 2024.1.21 | 6.25 | 135.95 | 142.20 | OK | |
r-release-linux-x86_64 | 2024.1.21 | 4.09 | 135.54 | 139.63 | OK | |
r-release-macos-arm64 | 2024.1.21 | 61.00 | OK | |||
r-release-macos-x86_64 | 2024.1.21 | 144.00 | OK | |||
r-release-windows-x86_64 | 2024.1.21 | 8.00 | 154.00 | 162.00 | OK | |
r-oldrel-macos-arm64 | 2024.1.21 | 61.00 | OK | |||
r-oldrel-macos-x86_64 | 2024.1.21 | 106.00 | OK | |||
r-oldrel-windows-x86_64 | 2024.1.21 | 8.00 | 192.00 | 200.00 | OK |
Version: 2024.1.21
Check: CRAN incoming feasibility
Result: NOTE
Maintainer: ‘Toby Dylan Hocking <toby.hocking@r-project.org>’
No Authors@R field in DESCRIPTION.
Please add one, modifying
Authors@R: person(given = c("Toby", "Dylan"),
family = "Hocking",
role = c("aut", "cre"),
email = "toby.hocking@r-project.org")
as necessary.
Flavors: r-devel-linux-x86_64-debian-clang, r-devel-linux-x86_64-debian-gcc
Version: 2024.1.21
Check: examples
Result: NOTE
Examples with CPU (user + system) or elapsed time > 5s
user system elapsed
geom_dl 5.912 0.016 8.039
panel.superpose.dl 4.989 0.015 6.224
qp.labels 3.893 0.020 5.428
direct.label 3.695 0.121 5.864
Flavor: r-devel-linux-x86_64-debian-clang