Last updated on 2025-02-21 03:52:10 CET.
Flavor | Version | Tinstall | Tcheck | Ttotal | Status | Flags |
---|---|---|---|---|---|---|
r-devel-linux-x86_64-debian-clang | 0.4.0 | 92.52 | 789.81 | 882.33 | OK | |
r-devel-linux-x86_64-debian-gcc | 0.4.0 | 78.15 | 521.73 | 599.88 | OK | |
r-devel-linux-x86_64-fedora-clang | 0.4.0 | 1347.28 | OK | |||
r-devel-linux-x86_64-fedora-gcc | 0.4.0 | 1464.10 | OK | |||
r-devel-macos-arm64 | 0.4.0 | 393.00 | OK | |||
r-devel-macos-x86_64 | 0.4.0 | 881.00 | OK | |||
r-devel-windows-x86_64 | 0.4.0 | 87.00 | 688.00 | 775.00 | OK | |
r-patched-linux-x86_64 | 0.4.0 | 118.50 | 759.27 | 877.77 | OK | |
r-release-linux-x86_64 | 0.4.0 | 103.52 | 744.55 | 848.07 | OK | |
r-release-macos-arm64 | 0.4.0 | 290.00 | NOTE | |||
r-release-macos-x86_64 | 0.4.0 | 484.00 | NOTE | |||
r-release-windows-x86_64 | 0.4.0 | 90.00 | 686.00 | 776.00 | NOTE | |
r-oldrel-macos-arm64 | 0.4.0 | 388.00 | NOTE | |||
r-oldrel-macos-x86_64 | 0.4.0 | 687.00 | NOTE | |||
r-oldrel-windows-x86_64 | 0.4.0 | 115.00 | 893.00 | 1008.00 | NOTE |
Version: 0.4.0
Check: installed package size
Result: NOTE
installed size is 48.1Mb
sub-directories of 1Mb or more:
libs 47.5Mb
Flavors: r-release-macos-arm64, r-release-macos-x86_64, r-release-windows-x86_64, r-oldrel-macos-arm64, r-oldrel-macos-x86_64, r-oldrel-windows-x86_64