CRAN Package Check Results for Package discharge

Last updated on 2025-04-30 04:50:04 CEST.

Flavor Version Tinstall Tcheck Ttotal Status Flags
r-devel-linux-x86_64-debian-clang 1.0.0 7.79 72.14 79.93 NOTE
r-devel-linux-x86_64-debian-gcc 1.0.0 5.08 50.22 55.30 OK
r-devel-linux-x86_64-fedora-clang 1.0.0 115.17 OK
r-devel-linux-x86_64-fedora-gcc 1.0.0 113.37 OK
r-devel-windows-x86_64 1.0.0 10.00 114.00 124.00 OK
r-patched-linux-x86_64 1.0.0 7.91 67.97 75.88 OK
r-release-linux-x86_64 1.0.0 7.26 67.85 75.11 OK
r-release-macos-arm64 1.0.0 44.00 OK
r-release-macos-x86_64 1.0.0 74.00 OK
r-release-windows-x86_64 1.0.0 10.00 112.00 122.00 OK
r-oldrel-macos-arm64 1.0.0 41.00 OK
r-oldrel-macos-x86_64 1.0.0 57.00 OK
r-oldrel-windows-x86_64 1.0.0 13.00 129.00 142.00 OK

Check Details

Version: 1.0.0
Check: examples
Result: NOTE Examples with CPU (user + system) or elapsed time > 5s user system elapsed prepareBaseline 4.313 0.089 5.466 Flavor: r-devel-linux-x86_64-debian-clang