CRAN Package Check Results for Package discnorm

Last updated on 2025-04-30 04:50:04 CEST.

Flavor Version Tinstall Tcheck Ttotal Status Flags
r-devel-linux-x86_64-debian-clang 0.2.1 2.27 77.71 79.98 NOTE
r-devel-linux-x86_64-debian-gcc 0.2.1 1.65 53.42 55.07 NOTE
r-devel-linux-x86_64-fedora-clang 0.2.1 141.50 OK
r-devel-linux-x86_64-fedora-gcc 0.2.1 150.01 OK
r-devel-windows-x86_64 0.2.1 4.00 94.00 98.00 OK
r-patched-linux-x86_64 0.2.1 1.70 73.78 75.48 OK
r-release-linux-x86_64 0.2.1 2.16 73.54 75.70 OK
r-release-macos-arm64 0.2.1 51.00 OK
r-release-macos-x86_64 0.2.1 99.00 OK
r-release-windows-x86_64 0.2.1 4.00 96.00 100.00 OK
r-oldrel-macos-arm64 0.2.1 46.00 OK
r-oldrel-macos-x86_64 0.2.1 73.00 OK
r-oldrel-windows-x86_64 0.2.1 4.00 115.00 119.00 OK

Check Details

Version: 0.2.1
Check: CRAN incoming feasibility
Result: NOTE Maintainer: ‘Njål Foldnes <njal.foldnes@gmail.com>’ Package CITATION file contains call(s) to old-style personList() or as.personList(). Please use c() on person objects instead. Package CITATION file contains call(s) to old-style citEntry(). Please use bibentry() instead. Flavors: r-devel-linux-x86_64-debian-clang, r-devel-linux-x86_64-debian-gcc

Version: 0.2.1
Check: examples
Result: NOTE Examples with CPU (user + system) or elapsed time > 5s user system elapsed bootTest 5.369 0.288 6.96 Flavor: r-devel-linux-x86_64-debian-clang