Last updated on 2025-04-30 04:50:04 CEST.
Flavor | Version | Tinstall | Tcheck | Ttotal | Status | Flags |
---|---|---|---|---|---|---|
r-devel-linux-x86_64-debian-clang | 1.2.3 | 2.88 | 140.91 | 143.79 | NOTE | |
r-devel-linux-x86_64-debian-gcc | 1.2.3 | 2.19 | 88.90 | 91.09 | NOTE | |
r-devel-linux-x86_64-fedora-clang | 1.2.3 | 230.87 | OK | |||
r-devel-linux-x86_64-fedora-gcc | 1.2.3 | 234.03 | OK | |||
r-devel-windows-x86_64 | 1.2.3 | 4.00 | 132.00 | 136.00 | OK | |
r-patched-linux-x86_64 | 1.2.3 | 2.67 | 132.16 | 134.83 | OK | |
r-release-linux-x86_64 | 1.2.3 | 2.96 | 131.58 | 134.54 | OK | |
r-release-macos-arm64 | 1.2.3 | 83.00 | OK | |||
r-release-macos-x86_64 | 1.2.3 | 191.00 | OK | |||
r-release-windows-x86_64 | 1.2.3 | 4.00 | 132.00 | 136.00 | OK | |
r-oldrel-macos-arm64 | 1.2.3 | 80.00 | OK | |||
r-oldrel-macos-x86_64 | 1.2.3 | 180.00 | OK | |||
r-oldrel-windows-x86_64 | 1.2.3 | 5.00 | 173.00 | 178.00 | OK |
Version: 1.2.3
Check: DESCRIPTION meta-information
Result: NOTE
Author field differs from that derived from Authors@R
Author: ‘S. Mason Garrison [aut, cre, cph] (<https://orcid.org/0000-0002-4804-6003>), Jonathan Trattner [aut] (<https://orcid.org/0000-0002-1097-7603>, https://www.jdtrat.com/), Yoo Ri Hwang [aut], Cermet Ream [ctb]’
Authors@R: ‘S. Mason Garrison [aut, cre, cph] (ORCID: <https://orcid.org/0000-0002-4804-6003>), Jonathan Trattner [aut] (ORCID: <https://orcid.org/0000-0002-1097-7603>, url: https://www.jdtrat.com/), Yoo Ri Hwang [aut], Cermet Ream [ctb]’
Flavors: r-devel-linux-x86_64-debian-clang, r-devel-linux-x86_64-debian-gcc
Version: 1.2.3
Check: examples
Result: NOTE
Examples with CPU (user + system) or elapsed time > 5s
user system elapsed
discord_data 4.122 0.015 5.132
discord_regression 4.121 0.000 5.297
Flavor: r-devel-linux-x86_64-debian-clang