Last updated on 2025-04-30 04:50:04 CEST.
Flavor | Version | Tinstall | Tcheck | Ttotal | Status | Flags |
---|---|---|---|---|---|---|
r-devel-linux-x86_64-debian-clang | 1.9 | 28.89 | 217.46 | 246.35 | NOTE | |
r-devel-linux-x86_64-debian-gcc | 1.9 | 17.96 | 140.90 | 158.86 | OK | |
r-devel-linux-x86_64-fedora-clang | 1.9 | 367.03 | OK | |||
r-devel-linux-x86_64-fedora-gcc | 1.9 | 349.62 | OK | |||
r-devel-windows-x86_64 | 1.9 | 34.00 | 217.00 | 251.00 | OK | |
r-patched-linux-x86_64 | 1.9 | 28.78 | 205.48 | 234.26 | OK | |
r-release-linux-x86_64 | 1.9 | 30.05 | 204.36 | 234.41 | OK | |
r-release-macos-arm64 | 1.9 | 103.00 | OK | |||
r-release-macos-x86_64 | 1.9 | 221.00 | OK | |||
r-release-windows-x86_64 | 1.9 | 36.00 | 211.00 | 247.00 | OK | |
r-oldrel-macos-arm64 | 1.9 | 235.00 | OK | |||
r-oldrel-macos-x86_64 | 1.9 | 287.00 | OK | |||
r-oldrel-windows-x86_64 | 1.9 | 42.00 | 278.00 | 320.00 | OK |
Version: 1.9
Check: examples
Result: NOTE
Examples with CPU (user + system) or elapsed time > 5s
user system elapsed
null.test 5.334 0.091 6.878
multi.ace 4.602 0.003 5.541
Flavor: r-devel-linux-x86_64-debian-clang