Last updated on 2025-04-30 04:50:04 CEST.
Flavor | Version | Tinstall | Tcheck | Ttotal | Status | Flags |
---|---|---|---|---|---|---|
r-devel-linux-x86_64-debian-clang | 0.0.3 | 1.80 | 70.75 | 72.55 | NOTE | |
r-devel-linux-x86_64-debian-gcc | 0.0.3 | 1.39 | 48.64 | 50.03 | NOTE | |
r-devel-linux-x86_64-fedora-clang | 0.0.3 | 111.67 | OK | |||
r-devel-linux-x86_64-fedora-gcc | 0.0.3 | 125.08 | OK | |||
r-devel-windows-x86_64 | 0.0.3 | 3.00 | 86.00 | 89.00 | OK | |
r-patched-linux-x86_64 | 0.0.3 | 1.61 | 67.33 | 68.94 | OK | |
r-release-linux-x86_64 | 0.0.3 | 1.74 | 66.78 | 68.52 | OK | |
r-release-macos-arm64 | 0.0.3 | 45.00 | OK | |||
r-release-macos-x86_64 | 0.0.3 | 85.00 | OK | |||
r-release-windows-x86_64 | 0.0.3 | 3.00 | 84.00 | 87.00 | OK | |
r-oldrel-macos-arm64 | 0.0.3 | 39.00 | OK | |||
r-oldrel-macos-x86_64 | 0.0.3 | 61.00 | OK | |||
r-oldrel-windows-x86_64 | 0.0.3 | 3.00 | 102.00 | 105.00 | OK |
Version: 0.0.3
Check: examples
Result: NOTE
Examples with CPU (user + system) or elapsed time > 5s
user system elapsed
distance_raster 11.296 0.173 15.226
Flavor: r-devel-linux-x86_64-debian-clang
Version: 0.0.3
Check: examples
Result: NOTE
Examples with CPU (user + system) or elapsed time > 5s
user system elapsed
distance_raster 6.57 0.217 8.575
Flavor: r-devel-linux-x86_64-debian-gcc