Last updated on 2025-04-30 04:50:04 CEST.
Flavor | Version | Tinstall | Tcheck | Ttotal | Status | Flags |
---|---|---|---|---|---|---|
r-devel-linux-x86_64-debian-clang | 2.0.2 | 47.17 | 169.05 | 216.22 | OK | |
r-devel-linux-x86_64-debian-gcc | 2.0.2 | 37.33 | 111.76 | 149.09 | OK | |
r-devel-linux-x86_64-fedora-clang | 2.0.2 | 354.74 | OK | |||
r-devel-linux-x86_64-fedora-gcc | 2.0.2 | 353.20 | OK | |||
r-devel-windows-x86_64 | 2.0.2 | 63.00 | 243.00 | 306.00 | OK | |
r-patched-linux-x86_64 | 2.0.2 | 58.47 | 160.15 | 218.62 | OK | |
r-release-linux-x86_64 | 2.0.2 | 53.50 | 161.67 | 215.17 | OK | |
r-release-macos-arm64 | 2.0.2 | 84.00 | OK | |||
r-release-macos-x86_64 | 2.0.2 | 150.00 | OK | |||
r-release-windows-x86_64 | 2.0.2 | 61.00 | 237.00 | 298.00 | OK | |
r-oldrel-macos-arm64 | 2.0.2 | 88.00 | NOTE | |||
r-oldrel-macos-x86_64 | 2.0.2 | 218.00 | OK | |||
r-oldrel-windows-x86_64 | 2.0.2 | 71.00 | 294.00 | 365.00 | OK |
Version: 2.0.2
Check: installed package size
Result: NOTE
installed size is 5.1Mb
sub-directories of 1Mb or more:
libs 3.4Mb
Flavor: r-oldrel-macos-arm64