Last updated on 2025-02-21 03:52:10 CET.
Flavor | Version | Tinstall | Tcheck | Ttotal | Status | Flags |
---|---|---|---|---|---|---|
r-devel-linux-x86_64-debian-clang | 1.3-3 | 21.25 | 102.88 | 124.13 | NOTE | |
r-devel-linux-x86_64-debian-gcc | 1.3-3 | 13.55 | 71.05 | 84.60 | NOTE | |
r-devel-linux-x86_64-fedora-clang | 1.3-3 | 190.36 | NOTE | |||
r-devel-linux-x86_64-fedora-gcc | 1.3-3 | 203.45 | NOTE | |||
r-devel-macos-arm64 | 1.3-3 | 63.00 | NOTE | |||
r-devel-macos-x86_64 | 1.3-3 | 161.00 | NOTE | |||
r-devel-windows-x86_64 | 1.3-3 | 24.00 | 116.00 | 140.00 | NOTE | |
r-patched-linux-x86_64 | 1.3-3 | 18.29 | 96.57 | 114.86 | OK | |
r-release-linux-x86_64 | 1.3-3 | 19.79 | 95.52 | 115.31 | OK | |
r-release-macos-arm64 | 1.3-3 | 63.00 | OK | |||
r-release-macos-x86_64 | 1.3-3 | 102.00 | OK | |||
r-release-windows-x86_64 | 1.3-3 | 26.00 | 113.00 | 139.00 | OK | |
r-oldrel-macos-arm64 | 1.3-3 | 65.00 | OK | |||
r-oldrel-macos-x86_64 | 1.3-3 | 138.00 | OK | |||
r-oldrel-windows-x86_64 | 1.3-3 | 30.00 | 135.00 | 165.00 | OK |
Version: 1.3-3
Check: compiled code
Result: NOTE
File ‘distcomp/libs/distcomp.so’:
Found non-API call to R: ‘NAMED’
Compiled code should not call non-API entry points in R.
See ‘Writing portable packages’ in the ‘Writing R Extensions’ manual,
and section ‘Moving into C API compliance’ for issues with the use of
non-API entry points.
Flavors: r-devel-linux-x86_64-debian-clang, r-devel-linux-x86_64-debian-gcc, r-devel-linux-x86_64-fedora-clang, r-devel-linux-x86_64-fedora-gcc, r-devel-macos-arm64, r-devel-macos-x86_64
Version: 1.3-3
Check: compiled code
Result: NOTE
File 'distcomp/libs/x64/distcomp.dll':
Found non-API call to R: 'NAMED'
Compiled code should not call non-API entry points in R.
See 'Writing portable packages' in the 'Writing R Extensions' manual,
and section 'Moving into C API compliance' for issues with the use of
non-API entry points.
Flavor: r-devel-windows-x86_64