CRAN Package Check Results for Package distcrete

Last updated on 2025-04-30 04:50:04 CEST.

Flavor Version Tinstall Tcheck Ttotal Status Flags
r-devel-linux-x86_64-debian-clang 1.0.3 1.67 25.07 26.74 OK
r-devel-linux-x86_64-debian-gcc 1.0.3 1.40 20.71 22.11 OK
r-devel-linux-x86_64-fedora-clang 1.0.3 41.89 OK
r-devel-linux-x86_64-fedora-gcc 1.0.3 54.12 OK
r-devel-windows-x86_64 1.0.3 3.00 48.00 51.00 OK
r-patched-linux-x86_64 1.0.3 1.60 23.70 25.30 OK
r-release-linux-x86_64 1.0.3 1.54 23.72 25.26 OK
r-release-macos-arm64 1.0.3 23.00 OK
r-release-macos-x86_64 1.0.3 38.00 OK
r-release-windows-x86_64 1.0.3 3.00 45.00 48.00 OK
r-oldrel-macos-arm64 1.0.3 21.00 NOTE
r-oldrel-macos-x86_64 1.0.3 33.00 NOTE
r-oldrel-windows-x86_64 1.0.3 4.00 46.00 50.00 NOTE

Check Details

Version: 1.0.3
Check: LazyData
Result: NOTE 'LazyData' is specified without a 'data' directory Flavors: r-oldrel-macos-arm64, r-oldrel-macos-x86_64, r-oldrel-windows-x86_64