Last updated on 2025-04-30 04:50:04 CEST.
Flavor | Version | Tinstall | Tcheck | Ttotal | Status | Flags |
---|---|---|---|---|---|---|
r-devel-linux-x86_64-debian-clang | 2.9.7 | 48.09 | 176.98 | 225.07 | NOTE | |
r-devel-linux-x86_64-debian-gcc | 2.9.7 | 27.73 | 118.95 | 146.68 | OK | |
r-devel-linux-x86_64-fedora-clang | 2.9.7 | 360.80 | OK | |||
r-devel-linux-x86_64-fedora-gcc | 2.9.7 | 356.81 | OK | |||
r-devel-windows-x86_64 | 2.9.7 | 42.00 | 235.00 | 277.00 | OK | |
r-patched-linux-x86_64 | 2.9.7 | 45.62 | 169.21 | 214.83 | OK | |
r-release-linux-x86_64 | 2.9.7 | 43.61 | 167.24 | 210.85 | OK | |
r-release-macos-arm64 | 2.9.7 | 105.00 | OK | |||
r-release-macos-x86_64 | 2.9.7 | 222.00 | OK | |||
r-release-windows-x86_64 | 2.9.7 | 40.00 | 233.00 | 273.00 | OK | |
r-oldrel-macos-arm64 | 2.9.7 | 94.00 | OK | |||
r-oldrel-macos-x86_64 | 2.9.7 | 186.00 | OK | |||
r-oldrel-windows-x86_64 | 2.9.7 | 54.00 | 271.00 | 325.00 | OK |
Version: 2.9.7
Check: examples
Result: NOTE
Examples with CPU (user + system) or elapsed time > 5s
user system elapsed
MLEstimator 4.925 0.009 6.153
Flavor: r-devel-linux-x86_64-debian-clang