Last updated on 2025-04-30 04:50:04 CEST.
Flavor | Version | Tinstall | Tcheck | Ttotal | Status | Flags |
---|---|---|---|---|---|---|
r-devel-linux-x86_64-debian-clang | 2.9.2 | 5.52 | 58.51 | 64.03 | NOTE | |
r-devel-linux-x86_64-debian-gcc | 2.9.2 | 4.34 | 42.55 | 46.89 | OK | |
r-devel-linux-x86_64-fedora-clang | 2.9.2 | 97.79 | OK | |||
r-devel-linux-x86_64-fedora-gcc | 2.9.2 | 94.45 | OK | |||
r-devel-windows-x86_64 | 2.9.2 | 6.00 | 75.00 | 81.00 | OK | |
r-patched-linux-x86_64 | 2.9.2 | 5.55 | 56.55 | 62.10 | OK | |
r-release-linux-x86_64 | 2.9.2 | 5.51 | 56.26 | 61.77 | OK | |
r-release-macos-arm64 | 2.9.2 | 33.00 | OK | |||
r-release-macos-x86_64 | 2.9.2 | 59.00 | OK | |||
r-release-windows-x86_64 | 2.9.2 | 6.00 | 80.00 | 86.00 | OK | |
r-oldrel-macos-arm64 | 2.9.2 | 38.00 | OK | |||
r-oldrel-macos-x86_64 | 2.9.2 | 98.00 | OK | |||
r-oldrel-windows-x86_64 | 2.9.2 | 8.00 | 85.00 | 93.00 | OK |
Version: 2.9.2
Check: examples
Result: NOTE
Examples with CPU (user + system) or elapsed time > 5s
user system elapsed
IllustLLN 5.187 0.129 6.697
Flavor: r-devel-linux-x86_64-debian-clang