CRAN Package Check Results for Package distreg.vis

Last updated on 2025-04-30 04:50:04 CEST.

Flavor Version Tinstall Tcheck Ttotal Status Flags
r-devel-linux-x86_64-debian-clang 1.7.5 16.41 159.10 175.51 NOTE
r-devel-linux-x86_64-debian-gcc 1.7.5 12.06 107.85 119.91 NOTE
r-devel-linux-x86_64-fedora-clang 1.7.5 259.29 OK
r-devel-linux-x86_64-fedora-gcc 1.7.5 244.36 OK
r-devel-windows-x86_64 1.7.5 18.00 167.00 185.00 NOTE
r-patched-linux-x86_64 1.7.5 15.73 150.60 166.33 NOTE
r-release-linux-x86_64 1.7.5 15.11 148.82 163.93 NOTE
r-release-macos-arm64 1.7.5 87.00 OK
r-release-macos-x86_64 1.7.5 135.00 OK
r-release-windows-x86_64 1.7.5 18.00 155.00 173.00 NOTE
r-oldrel-macos-arm64 1.7.5 80.00 OK
r-oldrel-macos-x86_64 1.7.5 131.00 OK
r-oldrel-windows-x86_64 1.7.5 22.00 194.00 216.00 OK

Check Details

Version: 1.7.5
Check: Rd cross-references
Result: NOTE Found the following Rd file(s) with Rd \link{} targets missing package anchors: dists.Rd: betareg moments.Rd: betareg, gamlss, bamlss plot_dist.Rd: gamlss, bamlss, betareg, ggplot2 plot_moments.Rd: gamlss, bamlss, betareg Please provide package anchors for all Rd \link{} targets not in the package itself and the base packages. Flavors: r-devel-linux-x86_64-debian-clang, r-devel-linux-x86_64-debian-gcc, r-devel-windows-x86_64, r-patched-linux-x86_64, r-release-linux-x86_64, r-release-windows-x86_64

Version: 1.7.5
Check: examples
Result: NOTE Examples with CPU (user + system) or elapsed time > 5s user system elapsed plot_moments 4.997 0.087 5.874 moments 4.464 0.154 5.852 Flavor: r-devel-linux-x86_64-debian-clang