CRAN Package Check Results for Package distributionsrd

Last updated on 2025-07-05 04:50:13 CEST.

Flavor Version Tinstall Tcheck Ttotal Status Flags
r-devel-linux-x86_64-debian-clang 0.0.6 7.53 69.39 76.92 NOTE
r-devel-linux-x86_64-debian-gcc 0.0.6 5.10 51.31 56.41 NOTE
r-devel-linux-x86_64-fedora-clang 0.0.6 118.88 OK
r-devel-linux-x86_64-fedora-gcc 0.0.6 113.23 OK
r-devel-windows-x86_64 0.0.6 8.00 92.00 100.00 OK
r-patched-linux-x86_64 0.0.6 8.59 64.94 73.53 OK
r-release-linux-x86_64 0.0.6 6.52 64.53 71.05 OK
r-release-macos-arm64 0.0.6 39.00 OK
r-release-macos-x86_64 0.0.6 65.00 OK
r-release-windows-x86_64 0.0.6 10.00 93.00 103.00 OK
r-oldrel-macos-arm64 0.0.6 36.00 OK
r-oldrel-macos-x86_64 0.0.6 52.00 OK
r-oldrel-windows-x86_64 0.0.6 12.00 109.00 121.00 OK

Check Details

Version: 0.0.6
Check: CRAN incoming feasibility
Result: NOTE Maintainer: ‘Ruben Dewitte <ruben0dewitte@gmail.com>’ Package CITATION file contains call(s) to old-style citEntry(). Please use bibentry() instead. Found the following URLs which should use \doi (with the DOI name only): File ‘fit_US_cities.Rd’: http://doi.org/10.3886/E113328V1 Flavors: r-devel-linux-x86_64-debian-clang, r-devel-linux-x86_64-debian-gcc