CRAN Package Check Results for Package distributionsrd

Last updated on 2025-04-30 04:50:04 CEST.

Flavor Version Tinstall Tcheck Ttotal Status Flags
r-devel-linux-x86_64-debian-clang 0.0.6 6.96 68.68 75.64 NOTE
r-devel-linux-x86_64-debian-gcc 0.0.6 5.16 49.01 54.17 NOTE
r-devel-linux-x86_64-fedora-clang 0.0.6 115.36 OK
r-devel-linux-x86_64-fedora-gcc 0.0.6 110.92 OK
r-devel-windows-x86_64 0.0.6 8.00 98.00 106.00 OK
r-patched-linux-x86_64 0.0.6 7.98 64.77 72.75 OK
r-release-linux-x86_64 0.0.6 6.67 64.74 71.41 OK
r-release-macos-arm64 0.0.6 39.00 OK
r-release-macos-x86_64 0.0.6 65.00 OK
r-release-windows-x86_64 0.0.6 8.00 94.00 102.00 OK
r-oldrel-macos-arm64 0.0.6 36.00 OK
r-oldrel-macos-x86_64 0.0.6 52.00 OK
r-oldrel-windows-x86_64 0.0.6 10.00 111.00 121.00 OK

Check Details

Version: 0.0.6
Check: CRAN incoming feasibility
Result: NOTE Maintainer: ‘Ruben Dewitte <ruben0dewitte@gmail.com>’ Package CITATION file contains call(s) to old-style citEntry(). Please use bibentry() instead. Found the following URLs which should use \doi (with the DOI name only): File ‘fit_US_cities.Rd’: http://doi.org/10.3886/E113328V1 Flavors: r-devel-linux-x86_64-debian-clang, r-devel-linux-x86_64-debian-gcc