Last updated on 2025-02-21 03:52:10 CET.
Flavor | Version | Tinstall | Tcheck | Ttotal | Status | Flags |
---|---|---|---|---|---|---|
r-devel-linux-x86_64-debian-clang | 0.3.1 | 8.80 | 53.55 | 62.35 | OK | |
r-devel-linux-x86_64-debian-gcc | 0.3.1 | 5.78 | 37.50 | 43.28 | OK | |
r-devel-linux-x86_64-fedora-clang | 0.3.1 | 98.91 | NOTE | |||
r-devel-linux-x86_64-fedora-gcc | 0.3.1 | 91.13 | NOTE | |||
r-devel-macos-arm64 | 0.3.1 | 29.00 | OK | |||
r-devel-macos-x86_64 | 0.3.1 | 56.00 | OK | |||
r-devel-windows-x86_64 | 0.3.1 | 10.00 | 70.00 | 80.00 | OK | |
r-patched-linux-x86_64 | 0.3.1 | 6.49 | 49.44 | 55.93 | OK | |
r-release-linux-x86_64 | 0.3.1 | 7.75 | 50.14 | 57.89 | OK | |
r-release-macos-arm64 | 0.3.1 | 29.00 | OK | |||
r-release-macos-x86_64 | 0.3.1 | 45.00 | OK | |||
r-release-windows-x86_64 | 0.3.1 | 10.00 | 71.00 | 81.00 | OK | |
r-oldrel-macos-arm64 | 0.3.1 | 30.00 | OK | |||
r-oldrel-macos-x86_64 | 0.3.1 | 55.00 | OK | |||
r-oldrel-windows-x86_64 | 0.3.1 | 13.00 | 76.00 | 89.00 | OK |
Version: 0.3.1
Check: dependencies in R code
Result: NOTE
Namespaces in Imports field not imported from:
‘gridExtra’ ‘plotly’ ‘pryr’ ‘rpart’
All declared Imports should be used.
Flavors: r-devel-linux-x86_64-fedora-clang, r-devel-linux-x86_64-fedora-gcc