CRAN Package Check Results for Package div

Last updated on 2025-04-30 04:50:04 CEST.

Flavor Version Tinstall Tcheck Ttotal Status Flags
r-devel-linux-x86_64-debian-clang 0.3.1 8.99 60.36 69.35 OK
r-devel-linux-x86_64-debian-gcc 0.3.1 6.77 41.84 48.61 OK
r-devel-linux-x86_64-fedora-clang 0.3.1 97.29 NOTE
r-devel-linux-x86_64-fedora-gcc 0.3.1 89.86 NOTE
r-devel-windows-x86_64 0.3.1 10.00 78.00 88.00 OK
r-patched-linux-x86_64 0.3.1 8.28 55.10 63.38 OK
r-release-linux-x86_64 0.3.1 7.72 55.16 62.88 OK
r-release-macos-arm64 0.3.1 34.00 OK
r-release-macos-x86_64 0.3.1 56.00 OK
r-release-windows-x86_64 0.3.1 10.00 73.00 83.00 OK
r-oldrel-macos-arm64 0.3.1 29.00 OK
r-oldrel-macos-x86_64 0.3.1 45.00 OK
r-oldrel-windows-x86_64 0.3.1 13.00 89.00 102.00 OK

Check Details

Version: 0.3.1
Check: dependencies in R code
Result: NOTE Namespaces in Imports field not imported from: ‘gridExtra’ ‘plotly’ ‘pryr’ ‘rpart’ All declared Imports should be used. Flavors: r-devel-linux-x86_64-fedora-clang, r-devel-linux-x86_64-fedora-gcc