CRAN Package Check Results for Package diveR

Last updated on 2025-04-30 04:50:04 CEST.

Flavor Version Tinstall Tcheck Ttotal Status Flags
r-devel-linux-x86_64-debian-clang 0.1.2 7.76 49.01 56.77 OK
r-devel-linux-x86_64-debian-gcc 0.1.2 6.47 37.92 44.39 OK
r-devel-linux-x86_64-fedora-clang 0.1.2 96.82 NOTE
r-devel-linux-x86_64-fedora-gcc 0.1.2 85.29 NOTE
r-devel-windows-x86_64 0.1.2 8.00 73.00 81.00 OK
r-patched-linux-x86_64 0.1.2 8.06 47.51 55.57 OK
r-release-linux-x86_64 0.1.2 7.82 47.89 55.71 OK
r-release-macos-arm64 0.1.2 47.00 OK
r-release-macos-x86_64 0.1.2 55.00 OK
r-release-windows-x86_64 0.1.2 8.00 63.00 71.00 OK
r-oldrel-macos-arm64 0.1.2 42.00 OK
r-oldrel-macos-x86_64 0.1.2 44.00 OK
r-oldrel-windows-x86_64 0.1.2 11.00 69.00 80.00 OK

Check Details

Version: 0.1.2
Check: dependencies in R code
Result: NOTE Namespaces in Imports field not imported from: ‘ggmulti’ ‘loon’ ‘loon.data’ ‘loon.ggplot’ ‘loon.shiny’ ‘loon.tourr’ ‘stats’ ‘zenplots’ All declared Imports should be used. Flavors: r-devel-linux-x86_64-fedora-clang, r-devel-linux-x86_64-fedora-gcc